{"id":94902,"date":"2021-07-29T17:43:50","date_gmt":"2021-07-29T20:43:50","guid":{"rendered":"https:\/\/www.livrariarema.com.br\/loja\/?page_id=94902"},"modified":"2021-07-29T17:50:57","modified_gmt":"2021-07-29T20:50:57","slug":"canal-de-comunicacao-protecao-de-dados","status":"publish","type":"page","link":"https:\/\/www.livrariarema.com.br\/loja\/canal-de-comunicacao-protecao-de-dados\/","title":{"rendered":"Canal de Comunica\u00e7\u00e3o &#8211; Prote\u00e7\u00e3o de Dados"},"content":{"rendered":"\n<p>A Livraria Evang\u00e9lica Rema disponibiliza esse canal de contato para solicita\u00e7\u00f5es dos titulares de dados pessoais no exerc\u00edcio dos seus direitos em respeito a Lei n\u00ba 13.709\/2018 (Lei Geral de Prote\u00e7\u00e3o de Dados).<\/p>\n\n\n\n<p>Todas as comunica\u00e7\u00f5es realizadas atrav\u00e9s desse Canal ser\u00e3o analisadas e respondidas no prazo de 15 (quinze) dias.<\/p>\n\n\n\n<p>Portanto, para entrar em contato com a equipe de privacidade e encarregado de dados da Livraria Evang\u00e9lica Rema, preencha atentamente o formul\u00e1rio abaixo.<\/p>\n\n\n\n<p>Obs: Fique tranquilo que todos os dados informados aqui servir\u00e3o somente para identifica\u00e7\u00e3o do titular em nossa plataforma e receber\u00e3o o tratamento devido \ud83d\ude42<\/p>\n\n\n<div class=\"forminator-ui forminator-custom-form forminator-custom-form-94905 forminator-design--material  forminator_ajax\" data-forminator-render=\"0\" data-form=\"forminator-module-94905\" data-uid=\"69f24669eff4d\"><br\/><\/div><form\n\t\t\t\tid=\"forminator-module-94905\"\n\t\t\t\tclass=\"forminator-ui forminator-custom-form forminator-custom-form-94905 forminator-design--material  forminator_ajax\"\n\t\t\t\tmethod=\"post\"\n\t\t\t\tdata-forminator-render=\"0\"\n\t\t\t\tdata-form-id=\"94905\"\n\t\t\t\t\n\t\t\t\tdata-design=\"material\"\n\t\t\t\t\n\t\t\t\t\n\t\t\t\t\n\t\t\t\tdata-grid=\"open\"\n\t\t\t\t\n\t\t\t\t\n\t\t\t\tstyle=\"display: none;\"\n\t\t\t\t\n\t\t\t\tdata-uid=\"69f24669eff4d\"\n\t\t\t><div class=\"forminator-response-message forminator-error\" aria-hidden=\"true\"><\/div><div class=\"forminator-row\"><div id=\"section-1\" class=\"forminator-col forminator-col-12 \"><div class=\"forminator-field\"><h2 class=\"forminator-title\">Seus Dados<\/h2><hr class=\"forminator-border\" style=\"border: 1px solid #333333;\" \/><\/div><\/div><\/div><div class=\"forminator-row\"><div id=\"name-1\" class=\"forminator-col forminator-col-6 \"><div class=\"forminator-field\"><label for=\"forminator-field-name-1_69f24669eff4d\" class=\"forminator-label\">Nome Completo <span class=\"forminator-required\">*<\/span><\/label><input type=\"text\" name=\"name-1\" value=\"\" placeholder=\"\" id=\"forminator-field-name-1_69f24669eff4d\" class=\"forminator-input forminator-name--field\" aria-required=\"true\" \/><\/div><\/div><div id=\"email-1\" class=\"forminator-col forminator-col-6 \"><div class=\"forminator-field\"><label for=\"forminator-field-email-1_69f24669eff4d\" class=\"forminator-label\">E-mail <span class=\"forminator-required\">*<\/span><\/label><input type=\"email\" name=\"email-1\" value=\"\" placeholder=\"\" id=\"forminator-field-email-1_69f24669eff4d\" class=\"forminator-input forminator-email--field\" data-required=\"1\" aria-required=\"true\" \/><\/div><\/div><\/div><div class=\"forminator-row\"><div id=\"text-1\" class=\"forminator-col forminator-col-6 \"><div class=\"forminator-field\"><label for=\"forminator-field-text-1_69f24669eff4d\" class=\"forminator-label\">CPF <span class=\"forminator-required\">*<\/span><\/label><input type=\"text\" name=\"text-1\" value=\"\" placeholder=\"\" id=\"forminator-field-text-1_69f24669eff4d\" class=\"forminator-input forminator-name--field\" data-required=\"1\" \/><\/div><\/div><div id=\"phone-1\" class=\"forminator-col forminator-col-6 \"><div class=\"forminator-field\"><label for=\"forminator-field-phone-1_69f24669eff4d\" class=\"forminator-label\">Telefone <span class=\"forminator-required\">*<\/span><\/label><input type=\"text\" name=\"phone-1\" value=\"\" placeholder=\"(99)99999-9999\" id=\"forminator-field-phone-1_69f24669eff4d\" class=\"forminator-input forminator-field--phone\" data-required=\"1\" aria-required=\"true\" autocomplete=\"off\" data-national_mode=\"enabled\" data-country=\"BR\" data-validation=\"standard\" \/><\/div><\/div><\/div><div class=\"forminator-row\"><div id=\"radio-1\" class=\"forminator-col forminator-col-6 \"><div role=\"radiogroup\" class=\"forminator-field\" aria-labelledby=\"forminator-radiogroup-69f24669eff4d-label\"><span id=\"forminator-radiogroup-69f24669eff4d-label\" class=\"forminator-label\">Tem cadastro na loja virtual? <span class=\"forminator-required\">*<\/span><\/span><label for=\"forminator-field-radio-1-1-69f24669eff4d\" class=\"forminator-radio forminator-radio-inline\" title=\"Sim\"><input type=\"radio\" name=\"radio-1\" value=\"sim\" id=\"forminator-field-radio-1-1-69f24669eff4d\" data-calculation=\"0\"  aria-describedby=\"forminator-field-radio-1-69f24669eff4d-description\"\/><span class=\"forminator-radio-bullet\" aria-hidden=\"true\"><\/span><span class=\"forminator-radio-label\">Sim<\/span><\/label><label for=\"forminator-field-radio-1-2-69f24669eff4d\" class=\"forminator-radio forminator-radio-inline\" title=\"N\u00e3o\"><input type=\"radio\" name=\"radio-1\" value=\"no\" id=\"forminator-field-radio-1-2-69f24669eff4d\" data-calculation=\"0\"  aria-describedby=\"forminator-field-radio-1-69f24669eff4d-description\"\/><span class=\"forminator-radio-bullet\" aria-hidden=\"true\"><\/span><span class=\"forminator-radio-label\">N\u00e3o<\/span><\/label><\/div><\/div><div id=\"email-2\" class=\"forminator-col forminator-col-6 \"><div class=\"forminator-field\"><label for=\"forminator-field-email-2_69f24669eff4d\" class=\"forminator-label\">Qual o Endere\u00e7o de E-mail cadastrado na loja virtual?<\/label><input type=\"email\" name=\"email-2\" value=\"\" placeholder=\"\" id=\"forminator-field-email-2_69f24669eff4d\" class=\"forminator-input forminator-email--field\" data-required=\"\" aria-required=\"false\" \/><\/div><\/div><\/div><div class=\"forminator-row\"><div id=\"section-2\" class=\"forminator-col forminator-col-12 \"><div class=\"forminator-field\"><h2 class=\"forminator-title\">Assunto<\/h2><hr class=\"forminator-border\" style=\"border: 1px solid #333333;\" \/><\/div><\/div><\/div><div class=\"forminator-row\"><div id=\"radio-2\" class=\"forminator-col forminator-col-6 \"><div role=\"radiogroup\" class=\"forminator-field\" aria-labelledby=\"forminator-radiogroup-69f24669eff4d-label\"><span id=\"forminator-radiogroup-69f24669eff4d-label\" class=\"forminator-label\">Selecione o tipo de solicita\u00e7\u00e3o: <\/span><label for=\"forminator-field-radio-2-1-69f24669eff4d\" class=\"forminator-radio forminator-radio-inline\" title=\"Confirma\u00e7\u00e3o de exist\u00eancia de dados pessoais\"><input type=\"radio\" name=\"radio-2\" value=\"confirmao-de-existncia-de-dados-pessoais\" id=\"forminator-field-radio-2-1-69f24669eff4d\" data-calculation=\"0\"  aria-describedby=\"forminator-field-radio-2-69f24669eff4d-description\"\/><span class=\"forminator-radio-bullet\" aria-hidden=\"true\"><\/span><span class=\"forminator-radio-label\">Confirma\u00e7\u00e3o de exist\u00eancia de dados pessoais<\/span><\/label><label for=\"forminator-field-radio-2-2-69f24669eff4d\" class=\"forminator-radio forminator-radio-inline\" title=\"Acesso aos dados pessoais\"><input type=\"radio\" name=\"radio-2\" value=\"acesso-aos-dados-pessoais\" id=\"forminator-field-radio-2-2-69f24669eff4d\" data-calculation=\"0\"  aria-describedby=\"forminator-field-radio-2-69f24669eff4d-description\"\/><span class=\"forminator-radio-bullet\" aria-hidden=\"true\"><\/span><span class=\"forminator-radio-label\">Acesso aos dados pessoais<\/span><\/label><label for=\"forminator-field-radio-2-3-69f24669eff4d\" class=\"forminator-radio forminator-radio-inline\" title=\"Corre\u00e7\u00e3o de dados pessoais\"><input type=\"radio\" name=\"radio-2\" value=\"correo-de-dados-pessoais\" id=\"forminator-field-radio-2-3-69f24669eff4d\" data-calculation=\"0\"  aria-describedby=\"forminator-field-radio-2-69f24669eff4d-description\"\/><span class=\"forminator-radio-bullet\" aria-hidden=\"true\"><\/span><span class=\"forminator-radio-label\">Corre\u00e7\u00e3o de dados pessoais<\/span><\/label><label for=\"forminator-field-radio-2-4-69f24669eff4d\" class=\"forminator-radio forminator-radio-inline\" title=\"Anonimiza\u00e7\u00e3o, bloqueio ou elimina\u00e7\u00e3o de dados pessoais\"><input type=\"radio\" name=\"radio-2\" value=\"anonimizao-bloqueio-ou-eliminao-de-dados-pessoais\" id=\"forminator-field-radio-2-4-69f24669eff4d\" data-calculation=\"0\"  aria-describedby=\"forminator-field-radio-2-69f24669eff4d-description\"\/><span class=\"forminator-radio-bullet\" aria-hidden=\"true\"><\/span><span class=\"forminator-radio-label\">Anonimiza\u00e7\u00e3o, bloqueio ou elimina\u00e7\u00e3o de dados pessoais<\/span><\/label><label for=\"forminator-field-radio-2-5-69f24669eff4d\" class=\"forminator-radio forminator-radio-inline\" title=\"Elimina\u00e7\u00e3o de dados pessoais\"><input type=\"radio\" name=\"radio-2\" value=\"eliminao-de-dados-pessoais\" id=\"forminator-field-radio-2-5-69f24669eff4d\" data-calculation=\"0\"  aria-describedby=\"forminator-field-radio-2-69f24669eff4d-description\"\/><span class=\"forminator-radio-bullet\" aria-hidden=\"true\"><\/span><span class=\"forminator-radio-label\">Elimina\u00e7\u00e3o de dados pessoais<\/span><\/label><label for=\"forminator-field-radio-2-6-69f24669eff4d\" class=\"forminator-radio forminator-radio-inline\" title=\"Remo\u00e7\u00e3o de consentimento\"><input type=\"radio\" name=\"radio-2\" value=\"remoo-de-consentimento\" id=\"forminator-field-radio-2-6-69f24669eff4d\" data-calculation=\"0\"  aria-describedby=\"forminator-field-radio-2-69f24669eff4d-description\"\/><span class=\"forminator-radio-bullet\" aria-hidden=\"true\"><\/span><span class=\"forminator-radio-label\">Remo\u00e7\u00e3o de consentimento<\/span><\/label><label for=\"forminator-field-radio-2-7-69f24669eff4d\" class=\"forminator-radio forminator-radio-inline\" title=\"Reclama\u00e7\u00f5es\"><input type=\"radio\" name=\"radio-2\" value=\"reclamaes\" id=\"forminator-field-radio-2-7-69f24669eff4d\" data-calculation=\"0\"  aria-describedby=\"forminator-field-radio-2-69f24669eff4d-description\"\/><span class=\"forminator-radio-bullet\" aria-hidden=\"true\"><\/span><span class=\"forminator-radio-label\">Reclama\u00e7\u00f5es<\/span><\/label><label for=\"forminator-field-radio-2-8-69f24669eff4d\" class=\"forminator-radio forminator-radio-inline\" title=\"Sugest\u00f5es\"><input type=\"radio\" name=\"radio-2\" value=\"sugestes\" id=\"forminator-field-radio-2-8-69f24669eff4d\" data-calculation=\"0\"  aria-describedby=\"forminator-field-radio-2-69f24669eff4d-description\"\/><span class=\"forminator-radio-bullet\" aria-hidden=\"true\"><\/span><span class=\"forminator-radio-label\">Sugest\u00f5es<\/span><\/label><label for=\"forminator-field-radio-2-9-69f24669eff4d\" class=\"forminator-radio forminator-radio-inline\" title=\"D\u00favidas\"><input type=\"radio\" name=\"radio-2\" value=\"dvidas\" id=\"forminator-field-radio-2-9-69f24669eff4d\" data-calculation=\"0\"  aria-describedby=\"forminator-field-radio-2-69f24669eff4d-description\"\/><span class=\"forminator-radio-bullet\" aria-hidden=\"true\"><\/span><span class=\"forminator-radio-label\">D\u00favidas<\/span><\/label><\/div><\/div><div id=\"text-2\" class=\"forminator-col forminator-col-6 \"><div class=\"forminator-field\"><label for=\"forminator-field-text-2_69f24669eff4d\" class=\"forminator-label\">Outro<\/label><input type=\"text\" name=\"text-2\" value=\"\" placeholder=\"\" id=\"forminator-field-text-2_69f24669eff4d\" class=\"forminator-input forminator-name--field\" data-required=\"\" \/><\/div><\/div><\/div><div class=\"forminator-row\"><div id=\"section-3\" class=\"forminator-col forminator-col-12 \"><div class=\"forminator-field\"><h2 class=\"forminator-title\">Solicita\u00e7\u00e3o<\/h2><hr class=\"forminator-border\" style=\"border: 1px solid #333333;\" \/><\/div><\/div><\/div><div class=\"forminator-row\"><div id=\"textarea-1\" class=\"forminator-col forminator-col-12 \"><div class=\"forminator-field\"><label for=\"forminator-field-textarea-1_69f24669eff4d\" class=\"forminator-label\">Utilize este campo para detalhar o exerc\u00edcio do direito selecionado no campo acima. <span class=\"forminator-required\">*<\/span><\/label><textarea name=\"textarea-1\" placeholder=\"\" id=\"forminator-field-textarea-1_69f24669eff4d\" class=\"forminator-textarea\" rows=\"6\" style=\"min-height:140px;\" ><\/textarea><\/div><\/div><\/div><div class=\"forminator-row\"><div id=\"section-4\" class=\"forminator-col forminator-col-12 \"><div class=\"forminator-field\"><h2 class=\"forminator-title\">Email Resposta<\/h2><hr class=\"forminator-border\" style=\"border: 1px solid #333333;\" \/><\/div><\/div><\/div><div class=\"forminator-row\"><div id=\"radio-3\" class=\"forminator-col forminator-col-12 \"><div role=\"radiogroup\" class=\"forminator-field\" aria-labelledby=\"forminator-radiogroup-69f24669eff4d-label\"><span id=\"forminator-radiogroup-69f24669eff4d-label\" class=\"forminator-label\">Voc\u00ea concorda em receber a resposta no endere\u00e7o de e-mail informado? <\/span><label for=\"forminator-field-radio-3-1-69f24669eff4d\" class=\"forminator-radio\" title=\"Sim\"><input type=\"radio\" name=\"radio-3\" value=\"sim\" id=\"forminator-field-radio-3-1-69f24669eff4d\" data-calculation=\"0\"  aria-describedby=\"forminator-field-radio-3-69f24669eff4d-description\"\/><span class=\"forminator-radio-bullet\" aria-hidden=\"true\"><\/span><span class=\"forminator-radio-label\">Sim<\/span><\/label><span id=\"forminator-field-radio-3-69f24669eff4d-description\" class=\"forminator-description\">Neste campo informe se voc\u00ea aceita receber a resposta da Livraria Evang\u00e9lica Rema no e-mail informado anteriormente. Se n\u00e3o, por gentileza incluir abaixo outro canal de comunica\u00e7\u00e3o v\u00e1lido.<\/span><\/div><\/div><\/div><div class=\"forminator-row\"><div id=\"email-3\" class=\"forminator-col forminator-col-12 \"><div class=\"forminator-field\"><label for=\"forminator-field-email-3_69f24669eff4d\" class=\"forminator-label\">N\u00e3o, outro E-mail<\/label><input type=\"email\" name=\"email-3\" value=\"\" placeholder=\"\" id=\"forminator-field-email-3_69f24669eff4d\" class=\"forminator-input forminator-email--field\" data-required=\"\" aria-required=\"false\" \/><\/div><\/div><\/div><input type=\"hidden\" name=\"referer_url\" value=\"\" \/><div class=\"forminator-row forminator-row-last\"><div class=\"forminator-col\"><div class=\"forminator-field\"><button class=\"forminator-button forminator-button-submit\"><span>Enviar mensagem<\/span><span aria-hidden=\"true\"><\/span><\/button><\/div><\/div><\/div><input type=\"hidden\" id=\"forminator_nonce\" name=\"forminator_nonce\" value=\"0bb1f3e89a\" \/><input type=\"hidden\" name=\"_wp_http_referer\" value=\"\/loja\/wp-json\/wp\/v2\/pages\/94902\" \/><input type=\"hidden\" name=\"form_id\" value=\"94905\"><input type=\"hidden\" name=\"page_id\" value=\"94902\"><input type=\"hidden\" name=\"form_type\" value=\"default\"><input type=\"hidden\" name=\"current_url\" value=\"https:\/\/www.livrariarema.com.br\/loja\/canal-de-comunicacao-protecao-de-dados\/\"><input type=\"hidden\" name=\"render_id\" value=\"0\"><input type=\"hidden\" name=\"action\" value=\"forminator_submit_form_custom-forms\"><\/form>\n\n\n\n<p>Uma c\u00f3pia das suas respostas ser\u00e1 enviada para o endere\u00e7o de e-mail fornecido.<\/p>\n","protected":false},"excerpt":{"rendered":"<p>A Livraria Evang\u00e9lica Rema disponibiliza esse canal de contato para solicita\u00e7\u00f5es dos titulares de dados pessoais no exerc\u00edcio dos seus&hellip;<\/p>\n","protected":false},"author":1,"featured_media":0,"parent":0,"menu_order":0,"comment_status":"closed","ping_status":"closed","template":"","meta":[],"_links":{"self":[{"href":"https:\/\/www.livrariarema.com.br\/loja\/wp-json\/wp\/v2\/pages\/94902"}],"collection":[{"href":"https:\/\/www.livrariarema.com.br\/loja\/wp-json\/wp\/v2\/pages"}],"about":[{"href":"https:\/\/www.livrariarema.com.br\/loja\/wp-json\/wp\/v2\/types\/page"}],"author":[{"embeddable":true,"href":"https:\/\/www.livrariarema.com.br\/loja\/wp-json\/wp\/v2\/users\/1"}],"replies":[{"embeddable":true,"href":"https:\/\/www.livrariarema.com.br\/loja\/wp-json\/wp\/v2\/comments?post=94902"}],"version-history":[{"count":0,"href":"https:\/\/www.livrariarema.com.br\/loja\/wp-json\/wp\/v2\/pages\/94902\/revisions"}],"wp:attachment":[{"href":"https:\/\/www.livrariarema.com.br\/loja\/wp-json\/wp\/v2\/media?parent=94902"}],"curies":[{"name":"wp","href":"https:\/\/api.w.org\/{rel}","templated":true}]}}