{"id":100596,"date":"2021-08-24T11:35:35","date_gmt":"2021-08-24T14:35:35","guid":{"rendered":"https:\/\/www.livrariarema.com.br\/loja\/produtos\/sem%20categoria\/como-nao-ser-secular-james-k-a-smith\/"},"modified":"2025-11-06T13:00:10","modified_gmt":"2025-11-06T16:00:10","slug":"como-nao-ser-secular-james-k-a-smith","status":"publish","type":"product","link":"https:\/\/www.livrariarema.com.br\/loja\/produtos\/promocao\/livros-promocao\/como-nao-ser-secular-james-k-a-smith\/","title":{"rendered":"Como (N\u00e3o) Ser Secular &#8211; James K. A. Smith"},"content":{"rendered":"<p>UM GUIA PERSPICAZ E INTELIGENTE PARA NAVEGARMOS NA CULTURA ATUAL. &#8220;Como (n\u00e3o) ser secular&#8221; \u00e9 o que Jamie Smith chama &#8220;o guia do mochileiro do presente&#8221; &#8211; \u00e9 tanto um guia de leitura para &#8220;Uma era secular&#8221; (2007), a obra monumental de Charles Taylor, quanto uma orienta\u00e7\u00e3o filos\u00f3fica para aprendermos a viver nestes tempos. O livro de Taylor, que se tornou uma refer\u00eancia intelectual incontorn\u00e1vel, apresenta uma an\u00e1lise colossal e incisiva do significado de viver no presente p\u00f3s-crist\u00e3o &#8211; um mundo pluralista de cren\u00e7as rivais e de crescente incredulidade. O livro de Smith \u00e9 um compacto guia de campo que busca tornar o brilhante estudo de Taylor sobre o secularismo &#8211; uma obra de extrema relev\u00e2ncia por\u00e9m intimidadora &#8211; acess\u00edvel para um segmento mais amplo de leitores. Ademais, este &#8220;Como (n\u00e3o) ser secular&#8221; \u00e9 tamb\u00e9m um guia filos\u00f3fico pr\u00e1tico, um tipo de manual de instru\u00e7\u00f5es para viver em nossa era secular. Em \u00faltima inst\u00e2ncia, ele nos oferece uma aventura na compreens\u00e3o de n\u00f3s pr\u00f3prios e mapeia uma trilha para orientar-nos na cultura secular de nossos dias, n\u00e3o importa quem &#8220;n\u00f3s&#8221; somos &#8211; seja crentes ou c\u00e9ticos, piedosos ou pirr\u00f4nicos, convictos ou perplexos e confusos. Este \u00e9 um livro para todas as pessoas reflexivas nele meditarem.<\/p>\n","protected":false},"excerpt":{"rendered":"<p>UM GUIA PERSPICAZ E INTELIGENTE PARA NAVEGARMOS NA CULTURA ATUAL. &#8220;Como (n\u00e3o) ser secular&#8221; \u00e9 o que Jamie Smith chama&hellip;<\/p>\n","protected":false},"featured_media":340627,"comment_status":"open","ping_status":"closed","template":"","meta":[],"product_cat":[143,142],"product_tag":[],"_links":{"self":[{"href":"https:\/\/www.livrariarema.com.br\/loja\/wp-json\/wp\/v2\/product\/100596"}],"collection":[{"href":"https:\/\/www.livrariarema.com.br\/loja\/wp-json\/wp\/v2\/product"}],"about":[{"href":"https:\/\/www.livrariarema.com.br\/loja\/wp-json\/wp\/v2\/types\/product"}],"replies":[{"embeddable":true,"href":"https:\/\/www.livrariarema.com.br\/loja\/wp-json\/wp\/v2\/comments?post=100596"}],"wp:featuredmedia":[{"embeddable":true,"href":"https:\/\/www.livrariarema.com.br\/loja\/wp-json\/wp\/v2\/media\/340627"}],"wp:attachment":[{"href":"https:\/\/www.livrariarema.com.br\/loja\/wp-json\/wp\/v2\/media?parent=100596"}],"wp:term":[{"taxonomy":"product_cat","embeddable":true,"href":"https:\/\/www.livrariarema.com.br\/loja\/wp-json\/wp\/v2\/product_cat?post=100596"},{"taxonomy":"product_tag","embeddable":true,"href":"https:\/\/www.livrariarema.com.br\/loja\/wp-json\/wp\/v2\/product_tag?post=100596"}],"curies":[{"name":"wp","href":"https:\/\/api.w.org\/{rel}","templated":true}]}}