{"id":101257,"date":"2021-08-27T13:42:09","date_gmt":"2021-08-27T16:42:09","guid":{"rendered":"https:\/\/www.livrariarema.com.br\/loja\/produtos\/sem%20categoria\/casamento-do-reino-tony-evans\/"},"modified":"2026-02-03T16:10:46","modified_gmt":"2026-02-03T19:10:46","slug":"casamento-do-reino-tony-evans","status":"publish","type":"product","link":"https:\/\/www.livrariarema.com.br\/loja\/produtos\/livros\/casamento\/casamento-do-reino-tony-evans\/","title":{"rendered":"Casamento Do Reino &#8211; Tony Evans"},"content":{"rendered":"<p>Em Casamento do reino: O prop\u00f3sito de Deus para a vida a dois, Tony Evans mostra como uma rela\u00e7\u00e3o conjugal pode transformar-se num sinal especial\u00edssimo da gra\u00e7a e da gl\u00f3ria do Senhor \u00e0 sociedade.<br \/>\nRepleto de verdades pr\u00e1ticas e insights sobre comportamento, sexo, finan\u00e7as, cuidado pessoal, trabalho e f\u00e9, Casamento do reino trata da vida conjugal a partir de um ponto de vista mais profundo e transformador. Ideal para o casal que deseja evitar conflitos, reajustar o rumo ou reavivar a esperan\u00e7a, traz valores que promovem entendimento, restaura\u00e7\u00e3o e verdadeira conex\u00e3o.<\/p>\n","protected":false},"excerpt":{"rendered":"<p>Em Casamento do reino: O prop\u00f3sito de Deus para a vida a dois, Tony Evans mostra como uma rela\u00e7\u00e3o conjugal&hellip;<\/p>\n","protected":false},"featured_media":332540,"comment_status":"open","ping_status":"closed","template":"","meta":[],"product_cat":[155,134],"product_tag":[],"_links":{"self":[{"href":"https:\/\/www.livrariarema.com.br\/loja\/wp-json\/wp\/v2\/product\/101257"}],"collection":[{"href":"https:\/\/www.livrariarema.com.br\/loja\/wp-json\/wp\/v2\/product"}],"about":[{"href":"https:\/\/www.livrariarema.com.br\/loja\/wp-json\/wp\/v2\/types\/product"}],"replies":[{"embeddable":true,"href":"https:\/\/www.livrariarema.com.br\/loja\/wp-json\/wp\/v2\/comments?post=101257"}],"wp:featuredmedia":[{"embeddable":true,"href":"https:\/\/www.livrariarema.com.br\/loja\/wp-json\/wp\/v2\/media\/332540"}],"wp:attachment":[{"href":"https:\/\/www.livrariarema.com.br\/loja\/wp-json\/wp\/v2\/media?parent=101257"}],"wp:term":[{"taxonomy":"product_cat","embeddable":true,"href":"https:\/\/www.livrariarema.com.br\/loja\/wp-json\/wp\/v2\/product_cat?post=101257"},{"taxonomy":"product_tag","embeddable":true,"href":"https:\/\/www.livrariarema.com.br\/loja\/wp-json\/wp\/v2\/product_tag?post=101257"}],"curies":[{"name":"wp","href":"https:\/\/api.w.org\/{rel}","templated":true}]}}