{"id":101526,"date":"2021-08-30T09:52:20","date_gmt":"2021-08-30T12:52:20","guid":{"rendered":"https:\/\/www.livrariarema.com.br\/loja\/produtos\/sem%20categoria\/comentario-biblico-beacon-antigo-testamento-volume-1-ao-5-2\/"},"modified":"2025-10-11T15:27:02","modified_gmt":"2025-10-11T18:27:02","slug":"comentario-biblico-beacon-antigo-testamento-volume-1-ao-5-2","status":"publish","type":"product","link":"https:\/\/www.livrariarema.com.br\/loja\/produtos\/promocao\/livros-promocao\/comentario-biblico-beacon-antigo-testamento-volume-1-ao-5-2\/","title":{"rendered":"Coment\u00e1rio B\u00edblico Beacon &#8211; Antigo Testamento &#8211; Volume 1 Ao 5"},"content":{"rendered":"<p>O Coment\u00e1rio B\u00edblico Beacon traz uma interpreta\u00e7\u00e3o abrangente da B\u00edblia Sagrada elaborada por 40 te\u00f3logos evang\u00e9licos conservadores. S\u00e3o 10 volumes, cinco para o Antigo Testamento e cinco para o Novo. Em cada livro b\u00edblico s\u00e3o comentados vers\u00edculos de forma expositiva, exeg\u00e9tica e sempre com uma sugest\u00e3o homil\u00e9tica, o que torna o Beacon particularmente \u00fatil para pregadores e professores da Escola Dominical. Mas tamb\u00e9m ele tem uma caracter\u00edstica devocional que faz dele uma obra cativante e indispens\u00e1vel a todos os crentes que desejam estudar a Palavra de Deus. Beacon tem erudi\u00e7\u00e3o teol\u00f3gica, todavia num tom equilibrado na sua interpreta\u00e7\u00e3o e no seu objetivo inspiracional. Seu formato \u00e9 atraente e pr\u00e1tico. Seus comentaristas e editores acreditam que esta obra \u00e9 de grande valor para todos que buscam descobrir as verdades profundas da Palavra de Deus, que &#8220;subsiste eternamente&#8221;.<\/p>\n","protected":false},"excerpt":{"rendered":"<p>O Coment\u00e1rio B\u00edblico Beacon traz uma interpreta\u00e7\u00e3o abrangente da B\u00edblia Sagrada elaborada por 40 te\u00f3logos evang\u00e9licos conservadores. S\u00e3o 10 volumes,&hellip;<\/p>\n","protected":false},"featured_media":339344,"comment_status":"open","ping_status":"closed","template":"","meta":[],"product_cat":[143,142],"product_tag":[],"_links":{"self":[{"href":"https:\/\/www.livrariarema.com.br\/loja\/wp-json\/wp\/v2\/product\/101526"}],"collection":[{"href":"https:\/\/www.livrariarema.com.br\/loja\/wp-json\/wp\/v2\/product"}],"about":[{"href":"https:\/\/www.livrariarema.com.br\/loja\/wp-json\/wp\/v2\/types\/product"}],"replies":[{"embeddable":true,"href":"https:\/\/www.livrariarema.com.br\/loja\/wp-json\/wp\/v2\/comments?post=101526"}],"wp:featuredmedia":[{"embeddable":true,"href":"https:\/\/www.livrariarema.com.br\/loja\/wp-json\/wp\/v2\/media\/339344"}],"wp:attachment":[{"href":"https:\/\/www.livrariarema.com.br\/loja\/wp-json\/wp\/v2\/media?parent=101526"}],"wp:term":[{"taxonomy":"product_cat","embeddable":true,"href":"https:\/\/www.livrariarema.com.br\/loja\/wp-json\/wp\/v2\/product_cat?post=101526"},{"taxonomy":"product_tag","embeddable":true,"href":"https:\/\/www.livrariarema.com.br\/loja\/wp-json\/wp\/v2\/product_tag?post=101526"}],"curies":[{"name":"wp","href":"https:\/\/api.w.org\/{rel}","templated":true}]}}