{"id":104372,"date":"2021-09-15T14:27:43","date_gmt":"2021-09-15T17:27:43","guid":{"rendered":"https:\/\/www.livrariarema.com.br\/loja\/produtos\/sem%20categoria\/licoes-evangelisticas-deus-fala-a-mim-6-a-12-anos-cartazes\/"},"modified":"2023-06-05T10:36:59","modified_gmt":"2023-06-05T13:36:59","slug":"licoes-evangelisticas-deus-fala-a-mim-6-a-12-anos-cartazes","status":"publish","type":"product","link":"https:\/\/www.livrariarema.com.br\/loja\/produtos\/diversos\/flanelografo-e-cartazes\/licoes-evangelisticas-deus-fala-a-mim-6-a-12-anos-cartazes\/","title":{"rendered":"Li\u00e7\u00f5es Evangel\u00edsticas &#8211; Deus Fala A Mim &#8211; 6 A 12 Anos &#8211; Cartazes"},"content":{"rendered":"<p>Ensina que Deus nos fala por meio da Cria\u00e7\u00e3o, da sua Palavra e de seu Filho Jesus Cristo<\/p>\n<p>6 Li\u00e7\u00f5es B\u00edblicas Evangel\u00edsticas para crian\u00e7as de 5 a 12 anos, com sugest\u00e3o de aplica\u00e7\u00e3o para crian\u00e7as em idade Pr\u00e9 Escolar:<br \/>\n1) DEUS FALA A MIM por meio da cria\u00e7\u00e3o &#8211; Podemos conhecer Jesus e viver como Ele. Vamos imit\u00e1-lo!<br \/>\n2) DEUS FALA A MIM por meio do seu filho, Jesus &#8211; Podemos conhecer Jesus e viver como Ele. Vamos imit\u00e1-lo!<br \/>\n3) DEUS FALA A MIM por meio de sua Palavra &#8211; A Palavra de Deus tem poder para transformar nossa vida<br \/>\n4) DEUS FALA A MIM por meio de sua Palavra e do Esp\u00edrito Santo &#8211; O Esp\u00edrito Santo nos ajuda a entender a Palavra de Deus<br \/>\n5) DEUS FALA A MIM e eu preciso ouvir e obedecer &#8211; Precisamos ouvir e obedecer ao que Deus diz<br \/>\n6) Festa da Descoberta &#8211; Revis\u00e3o geral<\/p>\n<p>Inclui: Figuras em Cartazes (6 para cada li\u00e7\u00e3o) com os vers\u00edculos visualizados &#8211; Livro Roteiro &#8211; Tabela de Planejamento -Resumo de cada li\u00e7\u00e3o e Esbo\u00e7o &#8211; Ideia de programa de aula para 60 minutos &#8211; Como fazer a memoriza\u00e7\u00e3o de cada vers\u00edculo &#8211; Brincadeiras e perguntas para revis\u00e3o &#8211; Atividade de aprendizagem &#8211; Lembretes dos vers\u00edculos (itens reproduz\u00edveis)<\/p>\n","protected":false},"excerpt":{"rendered":"<p>Ensina que Deus nos fala por meio da Cria\u00e7\u00e3o, da sua Palavra e de seu Filho Jesus Cristo 6 Li\u00e7\u00f5es&hellip;<\/p>\n","protected":false},"featured_media":236014,"comment_status":"open","ping_status":"closed","template":"","meta":[],"product_cat":[132,133],"product_tag":[],"_links":{"self":[{"href":"https:\/\/www.livrariarema.com.br\/loja\/wp-json\/wp\/v2\/product\/104372"}],"collection":[{"href":"https:\/\/www.livrariarema.com.br\/loja\/wp-json\/wp\/v2\/product"}],"about":[{"href":"https:\/\/www.livrariarema.com.br\/loja\/wp-json\/wp\/v2\/types\/product"}],"replies":[{"embeddable":true,"href":"https:\/\/www.livrariarema.com.br\/loja\/wp-json\/wp\/v2\/comments?post=104372"}],"wp:featuredmedia":[{"embeddable":true,"href":"https:\/\/www.livrariarema.com.br\/loja\/wp-json\/wp\/v2\/media\/236014"}],"wp:attachment":[{"href":"https:\/\/www.livrariarema.com.br\/loja\/wp-json\/wp\/v2\/media?parent=104372"}],"wp:term":[{"taxonomy":"product_cat","embeddable":true,"href":"https:\/\/www.livrariarema.com.br\/loja\/wp-json\/wp\/v2\/product_cat?post=104372"},{"taxonomy":"product_tag","embeddable":true,"href":"https:\/\/www.livrariarema.com.br\/loja\/wp-json\/wp\/v2\/product_tag?post=104372"}],"curies":[{"name":"wp","href":"https:\/\/api.w.org\/{rel}","templated":true}]}}