{"id":105026,"date":"2021-09-17T14:03:00","date_gmt":"2021-09-17T17:03:00","guid":{"rendered":"https:\/\/www.livrariarema.com.br\/loja\/produtos\/sem%20categoria\/arc085bpralv-biblia-da-pregadora-floral\/"},"modified":"2025-09-30T10:11:50","modified_gmt":"2025-09-30T13:11:50","slug":"arc085bpralv-biblia-da-pregadora-floral","status":"publish","type":"product","link":"https:\/\/www.livrariarema.com.br\/loja\/produtos\/biblias\/estudo-feminina\/arc085bpralv-biblia-da-pregadora-floral\/","title":{"rendered":"Arc085bpralv &#8211; B\u00edblia Da Pregadora &#8211; Amore Florido"},"content":{"rendered":"<p>A B\u00edblia da Pregadora \u00e9 uma parceria entre a Sociedade B\u00edblica do Brasil (SBB) e a Editora Esperan\u00e7a (EEE). Esta \u00e9 uma obra que alia uma das tradu\u00e7\u00f5es mais lidas da B\u00edblia Sagrada no Brasil a duas obras j\u00e1 consagradas no apoio ao estudo das Sagradas Escrituras. Trata-se de uma publica\u00e7\u00e3o contendo os esbo\u00e7os dos livros Mil Esbo\u00e7os B\u00edblicos e Mais Mil Esbo\u00e7os B\u00edblicos, da Editora Esperan\u00e7a, que j\u00e1 contam com mais de 100 mil exemplares vendidos. Atendendo \u00e0s solicita\u00e7\u00f5es de muitos leitores, oferecemos uma ferramenta de trabalho ainda mais rica e pr\u00e1tica para o preparo de prega\u00e7\u00f5es. Todos os esbo\u00e7os foram revisados e tamb\u00e9m adaptados de acordo com as novas normas ortogr\u00e1ficas da l\u00edngua portuguesa.<\/p>\n<p>Um diferencial que facilita a consulta \u00e9 o fato de os esbo\u00e7os estarem localizados sempre pr\u00f3ximos ao texto b\u00edblico a que se referem. Al\u00e9m disso, a obra inclui um manual, preparado pelo Pr. Fred Roland Bornschein, que serve de grande aux\u00edlio na utiliza\u00e7\u00e3o dos esbo\u00e7os durante a elabora\u00e7\u00e3o de mensagens.<\/p>\n<p>Recursos da B\u00edblia da Pregadora:<br \/>\n&#8211; Introdu\u00e7\u00f5es aos livros da B\u00edblia;<br \/>\n&#8211; Notas textuais e refer\u00eancias cruzadas;<br \/>\n&#8211; 1.867 esbo\u00e7os para serm\u00f5es e estudos;<br \/>\n&#8211; Concord\u00e2ncia tem\u00e1tica;<br \/>\n&#8211; Cronologia b\u00edblica;<br \/>\n&#8211; Tabela de pesos, dinheiro e medidas;<br \/>\n&#8211; Mapas coloridos.<\/p>\n","protected":false},"excerpt":{"rendered":"<p>A B\u00edblia da Pregadora \u00e9 uma parceria entre a Sociedade B\u00edblica do Brasil (SBB) e a Editora Esperan\u00e7a (EEE). Esta&hellip;<\/p>\n","protected":false},"featured_media":338240,"comment_status":"open","ping_status":"closed","template":"","meta":[],"product_cat":[139,175],"product_tag":[],"_links":{"self":[{"href":"https:\/\/www.livrariarema.com.br\/loja\/wp-json\/wp\/v2\/product\/105026"}],"collection":[{"href":"https:\/\/www.livrariarema.com.br\/loja\/wp-json\/wp\/v2\/product"}],"about":[{"href":"https:\/\/www.livrariarema.com.br\/loja\/wp-json\/wp\/v2\/types\/product"}],"replies":[{"embeddable":true,"href":"https:\/\/www.livrariarema.com.br\/loja\/wp-json\/wp\/v2\/comments?post=105026"}],"wp:featuredmedia":[{"embeddable":true,"href":"https:\/\/www.livrariarema.com.br\/loja\/wp-json\/wp\/v2\/media\/338240"}],"wp:attachment":[{"href":"https:\/\/www.livrariarema.com.br\/loja\/wp-json\/wp\/v2\/media?parent=105026"}],"wp:term":[{"taxonomy":"product_cat","embeddable":true,"href":"https:\/\/www.livrariarema.com.br\/loja\/wp-json\/wp\/v2\/product_cat?post=105026"},{"taxonomy":"product_tag","embeddable":true,"href":"https:\/\/www.livrariarema.com.br\/loja\/wp-json\/wp\/v2\/product_tag?post=105026"}],"curies":[{"name":"wp","href":"https:\/\/api.w.org\/{rel}","templated":true}]}}