{"id":105667,"date":"2021-09-22T11:41:22","date_gmt":"2021-09-22T14:41:22","guid":{"rendered":"https:\/\/www.livrariarema.com.br\/loja\/produtos\/sem%20categoria\/prendedor-de-papel-tilibra-15mm-preto-com-12-unidades\/"},"modified":"2026-03-23T16:52:37","modified_gmt":"2026-03-23T19:52:37","slug":"prendedor-de-papel-tilibra-15mm-preto-com-12-unidades","status":"publish","type":"product","link":"https:\/\/www.livrariarema.com.br\/loja\/produtos\/promocao\/papelaria-promocao\/prendedor-de-papel-tilibra-15mm-preto-com-12-unidades\/","title":{"rendered":"Binder Clips &#8211; Tilibra &#8211; 15Mm &#8211; Preto &#8211; Com 12 Unidades"},"content":{"rendered":"<p>Com o Prendedor Preto para Papel 15mm \u00e9 poss\u00edvel organizar pap\u00e9is, documentos e materiais escolares de forma pr\u00e1tica. Ideal para uso em casa, na escola ou escrit\u00f3rio.<br \/>\n<br \/>\nDetalhes:<br \/>\nAlta qualidade<br \/>\nCor: Preto<br \/>\nMaior resist\u00eancia e durabilidade<br \/>\nModelo: Prendedor para papel<br \/>\nPrendedor de metal<br \/>\nTamanho: 15mm<\/p>\n","protected":false},"excerpt":{"rendered":"<p>Com o Prendedor Preto para Papel 15mm \u00e9 poss\u00edvel organizar pap\u00e9is, documentos e materiais escolares de forma pr\u00e1tica. Ideal para&hellip;<\/p>\n","protected":false},"featured_media":302203,"comment_status":"open","ping_status":"closed","template":"","meta":[],"product_cat":[307,142],"product_tag":[],"_links":{"self":[{"href":"https:\/\/www.livrariarema.com.br\/loja\/wp-json\/wp\/v2\/product\/105667"}],"collection":[{"href":"https:\/\/www.livrariarema.com.br\/loja\/wp-json\/wp\/v2\/product"}],"about":[{"href":"https:\/\/www.livrariarema.com.br\/loja\/wp-json\/wp\/v2\/types\/product"}],"replies":[{"embeddable":true,"href":"https:\/\/www.livrariarema.com.br\/loja\/wp-json\/wp\/v2\/comments?post=105667"}],"wp:featuredmedia":[{"embeddable":true,"href":"https:\/\/www.livrariarema.com.br\/loja\/wp-json\/wp\/v2\/media\/302203"}],"wp:attachment":[{"href":"https:\/\/www.livrariarema.com.br\/loja\/wp-json\/wp\/v2\/media?parent=105667"}],"wp:term":[{"taxonomy":"product_cat","embeddable":true,"href":"https:\/\/www.livrariarema.com.br\/loja\/wp-json\/wp\/v2\/product_cat?post=105667"},{"taxonomy":"product_tag","embeddable":true,"href":"https:\/\/www.livrariarema.com.br\/loja\/wp-json\/wp\/v2\/product_tag?post=105667"}],"curies":[{"name":"wp","href":"https:\/\/api.w.org\/{rel}","templated":true}]}}