{"id":106810,"date":"2021-09-27T15:05:15","date_gmt":"2021-09-27T18:05:15","guid":{"rendered":"https:\/\/www.livrariarema.com.br\/loja\/produtos\/sem%20categoria\/biblia-nvi-slim-semi-luxo-preta\/"},"modified":"2025-02-04T17:16:49","modified_gmt":"2025-02-04T20:16:49","slug":"biblia-nvi-slim-semi-luxo-preta","status":"publish","type":"product","link":"https:\/\/www.livrariarema.com.br\/loja\/produtos\/biblias\/nvi\/biblia-nvi-slim-semi-luxo-preta\/","title":{"rendered":"B\u00edblia &#8211; Nvi &#8211; Slim &#8211; Luxo &#8211; Preta"},"content":{"rendered":"<p>Desde que chegou ao Brasil, no come\u00e7o dos anos 2000, a Nova Vers\u00e3o Internacional (NVI) da B\u00edblia conquistou a prefer\u00eancia de milh\u00f5es de leitores. O texto adotado \u00e9 a Nova Vers\u00e3o Internacional (NVI), uma tradu\u00e7\u00e3o contempor\u00e2nea das Escrituras que preserva a necess\u00e1ria fidedignidade aos originais sem abrir m\u00e3o da eleg\u00e2ncia de estilo e da necess\u00e1ria atualiza\u00e7\u00e3o de formas verbais, unidades de medida e pequenos detalhes &#8211; assim, o entendimento \u00e9 facilitado e pequenos detalhes s\u00e3o melhor percebidos. Por isso mesmo, a GEOGR\u00c1FICA EDITORA tem feito diversos lan\u00e7amentos de b\u00edblias com esse texto. Agora, a novidade \u00e9 a B\u00edblia NVI em Duas Cores, uma linda edi\u00e7\u00e3o da Palavra de Deus para ser usada tanto na leitura individual como em estudos b\u00edblicos, reuni\u00f5es e celebra\u00e7\u00f5es. Ler a B\u00edblia NVI em Duas Cores \u00e9 mais que um deleite para a alma e um alimento para o esp\u00edrito &#8211; \u00e9 compreender o texto sagrado em uma dimens\u00e3o poucas vezes experimentada.<\/p>\n","protected":false},"excerpt":{"rendered":"<p>Desde que chegou ao Brasil, no come\u00e7o dos anos 2000, a Nova Vers\u00e3o Internacional (NVI) da B\u00edblia conquistou a prefer\u00eancia&hellip;<\/p>\n","protected":false},"featured_media":325873,"comment_status":"open","ping_status":"closed","template":"","meta":[],"product_cat":[139,166],"product_tag":[],"_links":{"self":[{"href":"https:\/\/www.livrariarema.com.br\/loja\/wp-json\/wp\/v2\/product\/106810"}],"collection":[{"href":"https:\/\/www.livrariarema.com.br\/loja\/wp-json\/wp\/v2\/product"}],"about":[{"href":"https:\/\/www.livrariarema.com.br\/loja\/wp-json\/wp\/v2\/types\/product"}],"replies":[{"embeddable":true,"href":"https:\/\/www.livrariarema.com.br\/loja\/wp-json\/wp\/v2\/comments?post=106810"}],"wp:featuredmedia":[{"embeddable":true,"href":"https:\/\/www.livrariarema.com.br\/loja\/wp-json\/wp\/v2\/media\/325873"}],"wp:attachment":[{"href":"https:\/\/www.livrariarema.com.br\/loja\/wp-json\/wp\/v2\/media?parent=106810"}],"wp:term":[{"taxonomy":"product_cat","embeddable":true,"href":"https:\/\/www.livrariarema.com.br\/loja\/wp-json\/wp\/v2\/product_cat?post=106810"},{"taxonomy":"product_tag","embeddable":true,"href":"https:\/\/www.livrariarema.com.br\/loja\/wp-json\/wp\/v2\/product_tag?post=106810"}],"curies":[{"name":"wp","href":"https:\/\/api.w.org\/{rel}","templated":true}]}}