{"id":110238,"date":"2021-10-11T13:18:44","date_gmt":"2021-10-11T16:18:44","guid":{"rendered":"https:\/\/www.livrariarema.com.br\/loja\/produtos\/sem%20categoria\/liderando-para-o-sucesso-john-c-maxwell\/"},"modified":"2026-02-24T17:34:10","modified_gmt":"2026-02-24T20:34:10","slug":"liderando-para-o-sucesso-john-c-maxwell","status":"publish","type":"product","link":"https:\/\/www.livrariarema.com.br\/loja\/produtos\/livros\/lideranca\/liderando-para-o-sucesso-john-c-maxwell\/","title":{"rendered":"Liderando Para O Sucesso &#8211; John C. Maxwell"},"content":{"rendered":"<p>Liderando para o sucesso \u00e9 um pequeno e poderoso livro capaz de oferecer uma vis\u00e3o ampla, ajust\u00e1vel a qualquer agenda apertada, de como se tornar um mentor bem-sucedido e reconhecido pelos liderados. <br \/>\nNesta leitura r\u00e1pida voc\u00ea vai descobrir: <br \/>\n&#8211; As estrat\u00e9gias necess\u00e1rias para pensar e agir como um mentor <br \/>\n&#8211; Como preparar as pessoas para que elas trabalhem melhor <br \/>\n&#8211; Como criar um ambiente favor\u00e1vel ao sucesso <br \/>\n&#8211; O que fazer se seus liderados ultrapassarem seu n\u00edvel<\/p>\n<p>Desenvolva as mais eficientes habilidades de relacionamento rapidamente com as dicas de um dos maiores l\u00edderes da atualidade<\/p>\n","protected":false},"excerpt":{"rendered":"<p>Liderando para o sucesso \u00e9 um pequeno e poderoso livro capaz de oferecer uma vis\u00e3o ampla, ajust\u00e1vel a qualquer agenda&hellip;<\/p>\n","protected":false},"featured_media":345440,"comment_status":"open","ping_status":"closed","template":"","meta":[],"product_cat":[153,134],"product_tag":[],"_links":{"self":[{"href":"https:\/\/www.livrariarema.com.br\/loja\/wp-json\/wp\/v2\/product\/110238"}],"collection":[{"href":"https:\/\/www.livrariarema.com.br\/loja\/wp-json\/wp\/v2\/product"}],"about":[{"href":"https:\/\/www.livrariarema.com.br\/loja\/wp-json\/wp\/v2\/types\/product"}],"replies":[{"embeddable":true,"href":"https:\/\/www.livrariarema.com.br\/loja\/wp-json\/wp\/v2\/comments?post=110238"}],"wp:featuredmedia":[{"embeddable":true,"href":"https:\/\/www.livrariarema.com.br\/loja\/wp-json\/wp\/v2\/media\/345440"}],"wp:attachment":[{"href":"https:\/\/www.livrariarema.com.br\/loja\/wp-json\/wp\/v2\/media?parent=110238"}],"wp:term":[{"taxonomy":"product_cat","embeddable":true,"href":"https:\/\/www.livrariarema.com.br\/loja\/wp-json\/wp\/v2\/product_cat?post=110238"},{"taxonomy":"product_tag","embeddable":true,"href":"https:\/\/www.livrariarema.com.br\/loja\/wp-json\/wp\/v2\/product_tag?post=110238"}],"curies":[{"name":"wp","href":"https:\/\/api.w.org\/{rel}","templated":true}]}}