{"id":115747,"date":"2021-11-02T14:56:02","date_gmt":"2021-11-02T17:56:02","guid":{"rendered":"https:\/\/www.livrariarema.com.br\/loja\/produtos\/sem%20categoria\/biblia-com-harpa-avivada-e-corinhos-letra-hipergigante-capa-luxo-preta\/"},"modified":"2025-09-25T11:03:46","modified_gmt":"2025-09-25T14:03:46","slug":"biblia-com-harpa-avivada-e-corinhos-letra-hipergigante-capa-luxo-preta","status":"publish","type":"product","link":"https:\/\/www.livrariarema.com.br\/loja\/produtos\/biblias\/nvi\/biblia-com-harpa-avivada-e-corinhos-letra-hipergigante-capa-luxo-preta\/","title":{"rendered":"B\u00edblia &#8211; Nvi &#8211; Letra Hipergigante &#8211; Capa Pu Luxo &#8211; Preta"},"content":{"rendered":"<p>B\u00edblia Sagrada, com a linguagem na vers\u00e3o NVI (Nova Vers\u00e3o Internacional). Dentre as vers\u00f5es b\u00edblia ela se torna uma das mais modernas e preservando a clareza do texto, permanecendo fiel aos escritos originais.<\/p>\n","protected":false},"excerpt":{"rendered":"<p>B\u00edblia Sagrada, com a linguagem na vers\u00e3o NVI (Nova Vers\u00e3o Internacional). Dentre as vers\u00f5es b\u00edblia ela se torna uma das&hellip;<\/p>\n","protected":false},"featured_media":275282,"comment_status":"open","ping_status":"closed","template":"","meta":[],"product_cat":[139,166],"product_tag":[],"_links":{"self":[{"href":"https:\/\/www.livrariarema.com.br\/loja\/wp-json\/wp\/v2\/product\/115747"}],"collection":[{"href":"https:\/\/www.livrariarema.com.br\/loja\/wp-json\/wp\/v2\/product"}],"about":[{"href":"https:\/\/www.livrariarema.com.br\/loja\/wp-json\/wp\/v2\/types\/product"}],"replies":[{"embeddable":true,"href":"https:\/\/www.livrariarema.com.br\/loja\/wp-json\/wp\/v2\/comments?post=115747"}],"wp:featuredmedia":[{"embeddable":true,"href":"https:\/\/www.livrariarema.com.br\/loja\/wp-json\/wp\/v2\/media\/275282"}],"wp:attachment":[{"href":"https:\/\/www.livrariarema.com.br\/loja\/wp-json\/wp\/v2\/media?parent=115747"}],"wp:term":[{"taxonomy":"product_cat","embeddable":true,"href":"https:\/\/www.livrariarema.com.br\/loja\/wp-json\/wp\/v2\/product_cat?post=115747"},{"taxonomy":"product_tag","embeddable":true,"href":"https:\/\/www.livrariarema.com.br\/loja\/wp-json\/wp\/v2\/product_tag?post=115747"}],"curies":[{"name":"wp","href":"https:\/\/api.w.org\/{rel}","templated":true}]}}