{"id":117176,"date":"2021-11-10T11:19:36","date_gmt":"2021-11-10T14:19:36","guid":{"rendered":"https:\/\/www.livrariarema.com.br\/loja\/produtos\/sem%20categoria\/protetor-de-documento-rg-e-titulo-de-eleitor\/"},"modified":"2026-01-24T13:00:23","modified_gmt":"2026-01-24T16:00:23","slug":"protetor-de-documento-rg-e-titulo-de-eleitor","status":"publish","type":"product","link":"https:\/\/www.livrariarema.com.br\/loja\/produtos\/diversos\/protetor-de-documento\/protetor-de-documento-rg-e-titulo-de-eleitor\/","title":{"rendered":"Protetor De Documento &#8211; Rg E T\u00edtulo De Eleitor"},"content":{"rendered":"<p>O protetor r\u00edgido \u00e9 ideal para proteger os documentos pessoais que n\u00e3o podem ser plastificados. O material \u00e9 super resistente e deixa o documento muito mais bonito e apresent\u00e1vel!<\/p>\n","protected":false},"excerpt":{"rendered":"<p>O protetor r\u00edgido \u00e9 ideal para proteger os documentos pessoais que n\u00e3o podem ser plastificados. O material \u00e9 super resistente&hellip;<\/p>\n","protected":false},"featured_media":305883,"comment_status":"open","ping_status":"closed","template":"","meta":[],"product_cat":[132,252],"product_tag":[],"_links":{"self":[{"href":"https:\/\/www.livrariarema.com.br\/loja\/wp-json\/wp\/v2\/product\/117176"}],"collection":[{"href":"https:\/\/www.livrariarema.com.br\/loja\/wp-json\/wp\/v2\/product"}],"about":[{"href":"https:\/\/www.livrariarema.com.br\/loja\/wp-json\/wp\/v2\/types\/product"}],"replies":[{"embeddable":true,"href":"https:\/\/www.livrariarema.com.br\/loja\/wp-json\/wp\/v2\/comments?post=117176"}],"wp:featuredmedia":[{"embeddable":true,"href":"https:\/\/www.livrariarema.com.br\/loja\/wp-json\/wp\/v2\/media\/305883"}],"wp:attachment":[{"href":"https:\/\/www.livrariarema.com.br\/loja\/wp-json\/wp\/v2\/media?parent=117176"}],"wp:term":[{"taxonomy":"product_cat","embeddable":true,"href":"https:\/\/www.livrariarema.com.br\/loja\/wp-json\/wp\/v2\/product_cat?post=117176"},{"taxonomy":"product_tag","embeddable":true,"href":"https:\/\/www.livrariarema.com.br\/loja\/wp-json\/wp\/v2\/product_tag?post=117176"}],"curies":[{"name":"wp","href":"https:\/\/api.w.org\/{rel}","templated":true}]}}