{"id":117256,"date":"2021-11-10T11:23:28","date_gmt":"2021-11-10T14:23:28","guid":{"rendered":"https:\/\/www.livrariarema.com.br\/loja\/produtos\/sem%20categoria\/malote-oficio-classic-preto\/"},"modified":"2026-02-18T14:00:30","modified_gmt":"2026-02-18T17:00:30","slug":"malote-oficio-classic-preto","status":"publish","type":"product","link":"https:\/\/www.livrariarema.com.br\/loja\/produtos\/papelaria\/organizadores\/malote-oficio-classic-preto\/","title":{"rendered":"Malote &#8211; Of\u00edcio &#8211; Classic &#8211; Preto"},"content":{"rendered":"<p>Pr\u00e1tico para a utiliza\u00e7\u00e3o no escrit\u00f3rio. Ideal para organizar, guardar ou transportar objetos. Material resistente e requintado. Seu furo para trava permite maior seguran\u00e7a.<\/p>\n","protected":false},"excerpt":{"rendered":"<p>Pr\u00e1tico para a utiliza\u00e7\u00e3o no escrit\u00f3rio. Ideal para organizar, guardar ou transportar objetos. Material resistente e requintado. Seu furo para&hellip;<\/p>\n","protected":false},"featured_media":286975,"comment_status":"open","ping_status":"closed","template":"","meta":[],"product_cat":[245,215],"product_tag":[],"_links":{"self":[{"href":"https:\/\/www.livrariarema.com.br\/loja\/wp-json\/wp\/v2\/product\/117256"}],"collection":[{"href":"https:\/\/www.livrariarema.com.br\/loja\/wp-json\/wp\/v2\/product"}],"about":[{"href":"https:\/\/www.livrariarema.com.br\/loja\/wp-json\/wp\/v2\/types\/product"}],"replies":[{"embeddable":true,"href":"https:\/\/www.livrariarema.com.br\/loja\/wp-json\/wp\/v2\/comments?post=117256"}],"wp:featuredmedia":[{"embeddable":true,"href":"https:\/\/www.livrariarema.com.br\/loja\/wp-json\/wp\/v2\/media\/286975"}],"wp:attachment":[{"href":"https:\/\/www.livrariarema.com.br\/loja\/wp-json\/wp\/v2\/media?parent=117256"}],"wp:term":[{"taxonomy":"product_cat","embeddable":true,"href":"https:\/\/www.livrariarema.com.br\/loja\/wp-json\/wp\/v2\/product_cat?post=117256"},{"taxonomy":"product_tag","embeddable":true,"href":"https:\/\/www.livrariarema.com.br\/loja\/wp-json\/wp\/v2\/product_tag?post=117256"}],"curies":[{"name":"wp","href":"https:\/\/api.w.org\/{rel}","templated":true}]}}