{"id":118457,"date":"2021-11-17T14:00:33","date_gmt":"2021-11-17T17:00:33","guid":{"rendered":"https:\/\/www.livrariarema.com.br\/loja\/produtos\/sem%20categoria\/comentario-expositivo-2-corintios-moyer-v-hubbard\/"},"modified":"2026-02-20T12:52:57","modified_gmt":"2026-02-20T15:52:57","slug":"comentario-expositivo-2-corintios-moyer-v-hubbard","status":"publish","type":"product","link":"https:\/\/www.livrariarema.com.br\/loja\/produtos\/livros\/estudo-biblico\/comentario-expositivo-2-corintios-moyer-v-hubbard\/","title":{"rendered":"Coment\u00e1rio Expositivo &#8211; 2 Cor\u00edntios &#8211; Moyer V. Hubbard"},"content":{"rendered":"<p>A igreja do primeiro s\u00e9culo tamb\u00e9m lidava com quest\u00f5es diversas e complexas. Embora o ap\u00f3stolo Paulo j\u00e1 houvesse tratado de problemas na igreja em Corinto pessoalmente e por carta, ainda havia quest\u00f5es preocupantes que precisavam ser resolvidas. Falsos mestres arrogantes e dominadores, fac\u00e7\u00f5es e deslealdade a Paulo e ao verdadeiro evangelho eram apenas algumas das dificuldades que a igreja enfrentava. A Segunda Carta aos Cor\u00edntios trata dessa realidade e exorta os membros da igreja \u00e0 restaura\u00e7\u00e3o e \u00e0 reconcilia\u00e7\u00e3o uns com os outros, com Paulo e com Deus. A carta tamb\u00e9m desenvolve assuntos importantes como integridade pastoral, consolo em meio a sofrimento, for\u00e7a na fraqueza, o verdadeiro motivo para se gloriar, pureza sexual e generosidade crist\u00e3. O dr. Hubbard lan\u00e7a seu olhar perspicaz para o contexto em que a carta foi escrita e ajuda o professor e o pregador contempor\u00e2neos a aplicar a nossos dias esses ensinamentos ainda relevantes para a sa\u00fade e a miss\u00e3o da igreja.<\/p>\n<p>A S\u00e9rie Coment\u00e1rio Expositivo oferece a pastores, pregadores, mestres e estudantes da Palavra de Deus o que h\u00e1 de melhor na \u00e1rea do conhecimento b\u00edblico, para que possam passar sem dificuldades do significado do texto a sua comunica\u00e7\u00e3o eficaz.<\/p>\n<p>Em cada volume, o livro b\u00edblico tratado \u00e9 dividido em unidades de prega\u00e7\u00e3o (per\u00edcopes) selecionadas com cuidado e acompanhadas de coment\u00e1rios. Assim, a s\u00e9rie permite que o leitor assimile rapidamente as informa\u00e7\u00f5es mais importantes. Enriquecido com mapas, cada volume \u00e9 composto das seguintes se\u00e7\u00f5es, voltadas para a passagem estudada:<\/p>\n<p>IDEIA CENTRAL<br \/>\nPARA ENTENDER O TEXTO<br \/>\nPRINCIPAIS TEMAS<br \/>\nPARA ENSINAR O TEXTO<br \/>\nPARA ILUSTRAR O TEXTO<\/p>\n","protected":false},"excerpt":{"rendered":"<p>A igreja do primeiro s\u00e9culo tamb\u00e9m lidava com quest\u00f5es diversas e complexas. Embora o ap\u00f3stolo Paulo j\u00e1 houvesse tratado de&hellip;<\/p>\n","protected":false},"featured_media":344928,"comment_status":"open","ping_status":"closed","template":"","meta":[],"product_cat":[161,134],"product_tag":[],"_links":{"self":[{"href":"https:\/\/www.livrariarema.com.br\/loja\/wp-json\/wp\/v2\/product\/118457"}],"collection":[{"href":"https:\/\/www.livrariarema.com.br\/loja\/wp-json\/wp\/v2\/product"}],"about":[{"href":"https:\/\/www.livrariarema.com.br\/loja\/wp-json\/wp\/v2\/types\/product"}],"replies":[{"embeddable":true,"href":"https:\/\/www.livrariarema.com.br\/loja\/wp-json\/wp\/v2\/comments?post=118457"}],"wp:featuredmedia":[{"embeddable":true,"href":"https:\/\/www.livrariarema.com.br\/loja\/wp-json\/wp\/v2\/media\/344928"}],"wp:attachment":[{"href":"https:\/\/www.livrariarema.com.br\/loja\/wp-json\/wp\/v2\/media?parent=118457"}],"wp:term":[{"taxonomy":"product_cat","embeddable":true,"href":"https:\/\/www.livrariarema.com.br\/loja\/wp-json\/wp\/v2\/product_cat?post=118457"},{"taxonomy":"product_tag","embeddable":true,"href":"https:\/\/www.livrariarema.com.br\/loja\/wp-json\/wp\/v2\/product_tag?post=118457"}],"curies":[{"name":"wp","href":"https:\/\/api.w.org\/{rel}","templated":true}]}}