{"id":118467,"date":"2021-11-17T14:00:51","date_gmt":"2021-11-17T17:00:51","guid":{"rendered":"https:\/\/www.livrariarema.com.br\/loja\/produtos\/sem%20categoria\/manga-vol-6-majestade\/"},"modified":"2026-02-20T13:21:30","modified_gmt":"2026-02-20T16:21:30","slug":"manga-vol-6-majestade","status":"publish","type":"product","link":"https:\/\/www.livrariarema.com.br\/loja\/produtos\/livros\/manga-hq\/manga-vol-6-majestade\/","title":{"rendered":"Mang\u00e1 Vol. 6 &#8211; Majestade"},"content":{"rendered":"<p>Todo colorido!<\/p>\n<p>Satan\u00e1s tem muito poder. <br \/>\nO fim do mundo est\u00e1 perto! <br \/>\nO que ser\u00e1 de voc\u00ea?<\/p>\n<p>Este \u00e9 o \u00faltimo livro da s\u00e9rie. Tudo termina com a hist\u00f3ria do Apocalipse de Jo\u00e3o na ilha de Patmos. Agora j\u00e1 idoso, o ap\u00f3stolo Jo\u00e3o novamente encontra anjos, Yeshua e muitas revela\u00e7\u00f5es que marcam o fim dos dias.<\/p>\n<p>ADAPTADO A PARTIR DOS MANUSCRITOS ANTIGOS<\/p>\n","protected":false},"excerpt":{"rendered":"<p>Todo colorido! Satan\u00e1s tem muito poder. O fim do mundo est\u00e1 perto! O que ser\u00e1 de voc\u00ea? Este \u00e9 o&hellip;<\/p>\n","protected":false},"featured_media":345024,"comment_status":"open","ping_status":"closed","template":"","meta":[],"product_cat":[134,189],"product_tag":[],"_links":{"self":[{"href":"https:\/\/www.livrariarema.com.br\/loja\/wp-json\/wp\/v2\/product\/118467"}],"collection":[{"href":"https:\/\/www.livrariarema.com.br\/loja\/wp-json\/wp\/v2\/product"}],"about":[{"href":"https:\/\/www.livrariarema.com.br\/loja\/wp-json\/wp\/v2\/types\/product"}],"replies":[{"embeddable":true,"href":"https:\/\/www.livrariarema.com.br\/loja\/wp-json\/wp\/v2\/comments?post=118467"}],"wp:featuredmedia":[{"embeddable":true,"href":"https:\/\/www.livrariarema.com.br\/loja\/wp-json\/wp\/v2\/media\/345024"}],"wp:attachment":[{"href":"https:\/\/www.livrariarema.com.br\/loja\/wp-json\/wp\/v2\/media?parent=118467"}],"wp:term":[{"taxonomy":"product_cat","embeddable":true,"href":"https:\/\/www.livrariarema.com.br\/loja\/wp-json\/wp\/v2\/product_cat?post=118467"},{"taxonomy":"product_tag","embeddable":true,"href":"https:\/\/www.livrariarema.com.br\/loja\/wp-json\/wp\/v2\/product_tag?post=118467"}],"curies":[{"name":"wp","href":"https:\/\/api.w.org\/{rel}","templated":true}]}}