{"id":119021,"date":"2021-11-19T15:10:50","date_gmt":"2021-11-19T18:10:50","guid":{"rendered":"https:\/\/www.livrariarema.com.br\/loja\/produtos\/sem%20categoria\/ate-que-sejamos-um-francis-chan\/"},"modified":"2026-04-22T16:50:39","modified_gmt":"2026-04-22T19:50:39","slug":"ate-que-sejamos-um-francis-chan","status":"publish","type":"product","link":"https:\/\/www.livrariarema.com.br\/loja\/produtos\/livros\/igreja\/ate-que-sejamos-um-francis-chan\/","title":{"rendered":"At\u00e9 Que Sejamos Um &#8211; Francis Chan"},"content":{"rendered":"<p>At\u00e9 que sejamos um \u00e9 um clamor pela unidade no Corpo de Cristo. Na obra, Francis Chan aponta como o povo de Deus tem falhado ao mostrar-se ao mundo como fam\u00edlia desunida, hostil entre si. Sinaliza ainda o enfraquecimento da igreja ao ter de lidar com as pr\u00f3prias incoer\u00eancias em detrimento de manter o foco na adora\u00e7\u00e3o a Deus e no amor aos irm\u00e3os.<br \/>\nComprometido com a transforma\u00e7\u00e3o do leitor, Francis Chan n\u00e3o se restringe a elucidar apenas os problemas que afetam a igreja crist\u00e3 na atualidade. Pelo contr\u00e1rio, traz uma mensagem de esperan\u00e7a, que visa \u00e0 cura e \u00e0 implementa\u00e7\u00e3o de solu\u00e7\u00f5es, proporcionando um roteiro de li\u00e7\u00f5es pr\u00e1ticas para que os crist\u00e3os &#8211; e a igreja &#8211; aprofundem a comunh\u00e3o com Deus, sejam coerentes com a mensagem que pregam e comuniquem, com gra\u00e7a e verdade, o amor do Salvador.<\/p>\n","protected":false},"excerpt":{"rendered":"<p>At\u00e9 que sejamos um \u00e9 um clamor pela unidade no Corpo de Cristo. Na obra, Francis Chan aponta como o&hellip;<\/p>\n","protected":false},"featured_media":342296,"comment_status":"open","ping_status":"closed","template":"","meta":[],"product_cat":[197,134],"product_tag":[],"_links":{"self":[{"href":"https:\/\/www.livrariarema.com.br\/loja\/wp-json\/wp\/v2\/product\/119021"}],"collection":[{"href":"https:\/\/www.livrariarema.com.br\/loja\/wp-json\/wp\/v2\/product"}],"about":[{"href":"https:\/\/www.livrariarema.com.br\/loja\/wp-json\/wp\/v2\/types\/product"}],"replies":[{"embeddable":true,"href":"https:\/\/www.livrariarema.com.br\/loja\/wp-json\/wp\/v2\/comments?post=119021"}],"wp:featuredmedia":[{"embeddable":true,"href":"https:\/\/www.livrariarema.com.br\/loja\/wp-json\/wp\/v2\/media\/342296"}],"wp:attachment":[{"href":"https:\/\/www.livrariarema.com.br\/loja\/wp-json\/wp\/v2\/media?parent=119021"}],"wp:term":[{"taxonomy":"product_cat","embeddable":true,"href":"https:\/\/www.livrariarema.com.br\/loja\/wp-json\/wp\/v2\/product_cat?post=119021"},{"taxonomy":"product_tag","embeddable":true,"href":"https:\/\/www.livrariarema.com.br\/loja\/wp-json\/wp\/v2\/product_tag?post=119021"}],"curies":[{"name":"wp","href":"https:\/\/api.w.org\/{rel}","templated":true}]}}