{"id":119293,"date":"2021-11-19T17:03:20","date_gmt":"2021-11-19T20:03:20","guid":{"rendered":"https:\/\/www.livrariarema.com.br\/loja\/produtos\/sem%20categoria\/azorrague-os-conflitos-de-cristo-com-instituicoes-religiosas-antonio-carlos-costa\/"},"modified":"2026-04-11T11:41:10","modified_gmt":"2026-04-11T14:41:10","slug":"azorrague-os-conflitos-de-cristo-com-instituicoes-religiosas-antonio-carlos-costa","status":"publish","type":"product","link":"https:\/\/www.livrariarema.com.br\/loja\/produtos\/promocao\/livros-promocao\/azorrague-os-conflitos-de-cristo-com-instituicoes-religiosas-antonio-carlos-costa\/","title":{"rendered":"Azorrague &#8211; Os Conflitos De Cristo Com Institui\u00e7\u00f5es Religiosas &#8211; Ant\u00f4nio Carlos Costa"},"content":{"rendered":"<p>Impressiona a quantidade de passagens b\u00edblicas que mostram Cristo confrontando gente profundamente envolvida com institui\u00e7\u00e3o religiosa. Nessas horas, emerge um Cristo que parece odiar religi\u00e3o. Um Cristo que revela quanto a cultura religiosa pode nos deformar, adoecer e afastar de Deus.<br \/>\nAnt\u00f4nio Carlos Costa<\/p>\n<p>Os evangelhos apontam in\u00fameras situa\u00e7\u00f5es nas quais Jesus estabeleceu uma postura duramente cr\u00edtica em rela\u00e7\u00e3o \u00e0s lideran\u00e7as das institui\u00e7\u00f5es religiosas de sua \u00e9poca. Uma leitura apressada desses textos pode dar a falsa impress\u00e3o de que se trata de um problema espec\u00edfico do Mestre com a religi\u00e3o judaica. E podemos ir al\u00e9m no autoengano imaginando que a Igreja superou o momento ca\u00f3tico da religi\u00e3o de outrora.<\/p>\n<p>Ant\u00f4nio Carlos Costa ir\u00e1 surpreender seus leitores ao analisar as controv\u00e9rsias de Jesus com a religi\u00e3o e revelar como os l\u00edderes religiosos de hoje podem cair nas mesmas armadilhas de ontem, escondendo Deus das pessoas.<\/p>\n<p>B\u00edblico, contundente e inspirador, Azorrague permite ao leitor redescobrir o Deus justo, amoroso e verdadeiro, tantas vezes encoberto pela pr\u00e1tica religiosa legalista, moralista e autorit\u00e1ria.<\/p>\n","protected":false},"excerpt":{"rendered":"<p>Impressiona a quantidade de passagens b\u00edblicas que mostram Cristo confrontando gente profundamente envolvida com institui\u00e7\u00e3o religiosa. Nessas horas, emerge um&hellip;<\/p>\n","protected":false},"featured_media":340645,"comment_status":"open","ping_status":"closed","template":"","meta":[],"product_cat":[143,142],"product_tag":[],"_links":{"self":[{"href":"https:\/\/www.livrariarema.com.br\/loja\/wp-json\/wp\/v2\/product\/119293"}],"collection":[{"href":"https:\/\/www.livrariarema.com.br\/loja\/wp-json\/wp\/v2\/product"}],"about":[{"href":"https:\/\/www.livrariarema.com.br\/loja\/wp-json\/wp\/v2\/types\/product"}],"replies":[{"embeddable":true,"href":"https:\/\/www.livrariarema.com.br\/loja\/wp-json\/wp\/v2\/comments?post=119293"}],"wp:featuredmedia":[{"embeddable":true,"href":"https:\/\/www.livrariarema.com.br\/loja\/wp-json\/wp\/v2\/media\/340645"}],"wp:attachment":[{"href":"https:\/\/www.livrariarema.com.br\/loja\/wp-json\/wp\/v2\/media?parent=119293"}],"wp:term":[{"taxonomy":"product_cat","embeddable":true,"href":"https:\/\/www.livrariarema.com.br\/loja\/wp-json\/wp\/v2\/product_cat?post=119293"},{"taxonomy":"product_tag","embeddable":true,"href":"https:\/\/www.livrariarema.com.br\/loja\/wp-json\/wp\/v2\/product_tag?post=119293"}],"curies":[{"name":"wp","href":"https:\/\/api.w.org\/{rel}","templated":true}]}}