{"id":128616,"date":"2021-12-16T19:53:44","date_gmt":"2021-12-16T22:53:44","guid":{"rendered":"https:\/\/www.livrariarema.com.br\/loja\/produtos\/sem%20categoria\/lapis-de-cor-mega-soft-48-cores\/"},"modified":"2025-12-04T15:01:07","modified_gmt":"2025-12-04T18:01:07","slug":"lapis-de-cor-mega-soft-48-cores","status":"publish","type":"product","link":"https:\/\/www.livrariarema.com.br\/loja\/produtos\/papelaria\/lapis-de-cor\/lapis-de-cor-mega-soft-48-cores\/","title":{"rendered":"L\u00e1pis De Cor &#8211; Tris &#8211; Mega Soft Color &#8211; 48 Cores"},"content":{"rendered":"<p>MEGA divertido! MEGA colorido! A linha de colorir MEGA da TRIS \u00e9 uma alternativa de qualidade para potencializar a criatividade dos seus usu\u00e1rios. Cores vibrantes! L\u00e1pis de madeira, de tra\u00e7o super macio e corpo triangular. Os l\u00e1pis possuem o nome das cores e mina 2.9mm. Conjunto com 48 cores incr\u00edveis.<\/p>\n","protected":false},"excerpt":{"rendered":"<p>MEGA divertido! MEGA colorido! A linha de colorir MEGA da TRIS \u00e9 uma alternativa de qualidade para potencializar a criatividade&hellip;<\/p>\n","protected":false},"featured_media":335195,"comment_status":"open","ping_status":"closed","template":"","meta":[],"product_cat":[249,215],"product_tag":[],"_links":{"self":[{"href":"https:\/\/www.livrariarema.com.br\/loja\/wp-json\/wp\/v2\/product\/128616"}],"collection":[{"href":"https:\/\/www.livrariarema.com.br\/loja\/wp-json\/wp\/v2\/product"}],"about":[{"href":"https:\/\/www.livrariarema.com.br\/loja\/wp-json\/wp\/v2\/types\/product"}],"replies":[{"embeddable":true,"href":"https:\/\/www.livrariarema.com.br\/loja\/wp-json\/wp\/v2\/comments?post=128616"}],"wp:featuredmedia":[{"embeddable":true,"href":"https:\/\/www.livrariarema.com.br\/loja\/wp-json\/wp\/v2\/media\/335195"}],"wp:attachment":[{"href":"https:\/\/www.livrariarema.com.br\/loja\/wp-json\/wp\/v2\/media?parent=128616"}],"wp:term":[{"taxonomy":"product_cat","embeddable":true,"href":"https:\/\/www.livrariarema.com.br\/loja\/wp-json\/wp\/v2\/product_cat?post=128616"},{"taxonomy":"product_tag","embeddable":true,"href":"https:\/\/www.livrariarema.com.br\/loja\/wp-json\/wp\/v2\/product_tag?post=128616"}],"curies":[{"name":"wp","href":"https:\/\/api.w.org\/{rel}","templated":true}]}}