{"id":140407,"date":"2022-02-09T16:20:54","date_gmt":"2022-02-09T19:20:54","guid":{"rendered":"https:\/\/www.livrariarema.com.br\/loja\/produtos\/sem%20categoria\/biblia-contexto-salmos-proverbios-leao\/"},"modified":"2024-05-11T09:04:35","modified_gmt":"2024-05-11T12:04:35","slug":"biblia-contexto-salmos-proverbios-leao","status":"publish","type":"product","link":"https:\/\/www.livrariarema.com.br\/loja\/produtos\/biblias\/estudo\/biblia-contexto-salmos-proverbios-leao\/","title":{"rendered":"B\u00edblia Contexto &#8211; Salmos &amp; Prov\u00e9rbios &#8211; Le\u00e3o"},"content":{"rendered":"<p>A B\u00edblia que vai mudar seu jeito de ler a B\u00edblia   <br \/>\nA B\u00edblia Contexto &#8211; Salmos &amp; Prov\u00e9rbios apresenta uma forma \u00fanica e inovadora de ler a Palavra de Deus. Utiliza o recurso de refer\u00eancias cruzadas por extenso. <br \/>\nDesenvolvidas ao longo de s\u00e9culos, as refer\u00eancias cruzadas s\u00e3o utilizadas cotidianamente para o entendimento e a interpreta\u00e7\u00e3o mais precisa de cada passagem b\u00edblica, permitindo que os leitores se aprofundem no estudo teol\u00f3gico, hist\u00f3rico e liter\u00e1rio das Escrituras.   <br \/>\nA sele\u00e7\u00e3o dos Livros de Salmos e Prov\u00e9rbios n\u00e3o foi por acaso. Salmos difere dos demais livros b\u00edblicos pelo seu car\u00e1ter l\u00edrico, al\u00e9m de ser um momento em que o homem fala diretamente com Deus. <br \/>\nJ\u00e1 Prov\u00e9rbios traz por meio de frases breves diversas li\u00e7\u00f5es sobre valores e virtudes, essenciais para guiar o leitor em sua jornada. <br \/>\nAl\u00e9m disso, ambos os livros s\u00e3o os mais usados pelos crist\u00e3os, j\u00e1 que sintetizam as s\u00faplicas da humanidade a Deus e fazem refer\u00eancia desde G\u00eaneses at\u00e9 Apocalipse, ligando a B\u00edblia de uma ponta a outra.  <br \/>\nA B\u00edblia Contexto &#8211; Salmos &amp; Prov\u00e9rbios n\u00e3o \u00e9 voltada apenas para pesquisadores, te\u00f3logos e pastores. <br \/>\nPelo contr\u00e1rio: o objetivo \u00e9 que todos possam se beneficiar. <br \/>\nPor essa raz\u00e3o, a B\u00edblia Contexto usa a Nova Vers\u00e3o Transformadora (NVT), que torna a linguagem mais acess\u00edvel, atualizada e de f\u00e1cil entendimento. <br \/>\nAl\u00e9m de tudo isso, seu acabamento luxuoso torna a obra o livro de cabeceira perfeito e uma \u00f3tima op\u00e7\u00e3o para dar de presente a algu\u00e9m especial.<\/p>\n","protected":false},"excerpt":{"rendered":"<p>A B\u00edblia que vai mudar seu jeito de ler a B\u00edblia A B\u00edblia Contexto &#8211; Salmos &amp; Prov\u00e9rbios apresenta uma&hellip;<\/p>\n","protected":false},"featured_media":296687,"comment_status":"open","ping_status":"closed","template":"","meta":[],"product_cat":[139,140],"product_tag":[],"_links":{"self":[{"href":"https:\/\/www.livrariarema.com.br\/loja\/wp-json\/wp\/v2\/product\/140407"}],"collection":[{"href":"https:\/\/www.livrariarema.com.br\/loja\/wp-json\/wp\/v2\/product"}],"about":[{"href":"https:\/\/www.livrariarema.com.br\/loja\/wp-json\/wp\/v2\/types\/product"}],"replies":[{"embeddable":true,"href":"https:\/\/www.livrariarema.com.br\/loja\/wp-json\/wp\/v2\/comments?post=140407"}],"wp:featuredmedia":[{"embeddable":true,"href":"https:\/\/www.livrariarema.com.br\/loja\/wp-json\/wp\/v2\/media\/296687"}],"wp:attachment":[{"href":"https:\/\/www.livrariarema.com.br\/loja\/wp-json\/wp\/v2\/media?parent=140407"}],"wp:term":[{"taxonomy":"product_cat","embeddable":true,"href":"https:\/\/www.livrariarema.com.br\/loja\/wp-json\/wp\/v2\/product_cat?post=140407"},{"taxonomy":"product_tag","embeddable":true,"href":"https:\/\/www.livrariarema.com.br\/loja\/wp-json\/wp\/v2\/product_tag?post=140407"}],"curies":[{"name":"wp","href":"https:\/\/api.w.org\/{rel}","templated":true}]}}