{"id":142090,"date":"2022-02-17T14:02:45","date_gmt":"2022-02-17T17:02:45","guid":{"rendered":"https:\/\/www.livrariarema.com.br\/loja\/produtos\/sem%20categoria\/homens-e-mulheres-na-igreja-kevin-deyoung\/"},"modified":"2026-02-20T12:53:35","modified_gmt":"2026-02-20T15:53:35","slug":"homens-e-mulheres-na-igreja-kevin-deyoung","status":"publish","type":"product","link":"https:\/\/www.livrariarema.com.br\/loja\/produtos\/promocao\/livros-promocao\/homens-e-mulheres-na-igreja-kevin-deyoung\/","title":{"rendered":"Homens E Mulheres Na Igreja &#8211; Kevin Deyoung"},"content":{"rendered":"<p>Deus criou a humanidade como homem e mulher, e reconhecer essa verdade nunca foi t\u00e3o importante.<br \/>\nCriados um para o outro e distintos um do outro, homem e mulher n\u00e3o s\u00e3o intercambi\u00e1veis, ambos foram projetados para funcionar de acordo com a conformidade divina. Esse projeto \u00e9 em \u00faltima an\u00e1lise um retrato vivo de algo maior: a uni\u00e3o diferente mas complementar de Cristo e sua igreja.<\/p>\n<p>Em Homens e mulheres na igreja, Kevin DeYoung esclarece os textos b\u00edblicos que revelam essa complementaridade divinamente desenhada e aplica esses textos mostrando que Deus nos fez para louvar, servir e obedecer a ele &#8211; tanto na vida quanto no minist\u00e9rio &#8211; como homens e mulheres.<\/p>\n","protected":false},"excerpt":{"rendered":"<p>Deus criou a humanidade como homem e mulher, e reconhecer essa verdade nunca foi t\u00e3o importante. Criados um para o&hellip;<\/p>\n","protected":false},"featured_media":344935,"comment_status":"open","ping_status":"closed","template":"","meta":[],"product_cat":[143,142],"product_tag":[],"_links":{"self":[{"href":"https:\/\/www.livrariarema.com.br\/loja\/wp-json\/wp\/v2\/product\/142090"}],"collection":[{"href":"https:\/\/www.livrariarema.com.br\/loja\/wp-json\/wp\/v2\/product"}],"about":[{"href":"https:\/\/www.livrariarema.com.br\/loja\/wp-json\/wp\/v2\/types\/product"}],"replies":[{"embeddable":true,"href":"https:\/\/www.livrariarema.com.br\/loja\/wp-json\/wp\/v2\/comments?post=142090"}],"wp:featuredmedia":[{"embeddable":true,"href":"https:\/\/www.livrariarema.com.br\/loja\/wp-json\/wp\/v2\/media\/344935"}],"wp:attachment":[{"href":"https:\/\/www.livrariarema.com.br\/loja\/wp-json\/wp\/v2\/media?parent=142090"}],"wp:term":[{"taxonomy":"product_cat","embeddable":true,"href":"https:\/\/www.livrariarema.com.br\/loja\/wp-json\/wp\/v2\/product_cat?post=142090"},{"taxonomy":"product_tag","embeddable":true,"href":"https:\/\/www.livrariarema.com.br\/loja\/wp-json\/wp\/v2\/product_tag?post=142090"}],"curies":[{"name":"wp","href":"https:\/\/api.w.org\/{rel}","templated":true}]}}