{"id":142096,"date":"2022-02-17T14:02:54","date_gmt":"2022-02-17T17:02:54","guid":{"rendered":"https:\/\/www.livrariarema.com.br\/loja\/produtos\/sem%20categoria\/serie-mulheres-da-biblia-rute-nancy-demoss-wolgemuth\/"},"modified":"2026-04-22T17:10:37","modified_gmt":"2026-04-22T20:10:37","slug":"serie-mulheres-da-biblia-rute-nancy-demoss-wolgemuth","status":"publish","type":"product","link":"https:\/\/www.livrariarema.com.br\/loja\/produtos\/livros\/comentario-biblico\/serie-mulheres-da-biblia-rute-nancy-demoss-wolgemuth\/","title":{"rendered":"S\u00e9rie Mulheres Da B\u00edblia &#8211; Rute &#8211; Nancy Demoss Wolgemuth"},"content":{"rendered":"<p>TODA HIST\u00d3RIA \u00c9, DE FATO, A HIST\u00d3RIA DE DEUS, MESMO A SUA HIST\u00d3RIA.<\/p>\n<p>Uma na\u00e7\u00e3o sofredora, esmorecendo por conta de fome, ju\u00edzo e guerra, Israel era um lar tenebroso e hostil para a maioria das pessoas, principalmente para uma mulher, mas ainda mais para uma mulher vi\u00fava. A hist\u00f3ria de Rute come\u00e7a com desola\u00e7\u00e3o. No entanto, como em toda hist\u00f3ria cujo Autor \u00e9 Deus, essa desola\u00e7\u00e3o n\u00e3o vem sem um vislumbre de esperan\u00e7a.<\/p>\n<p>Ao observar esse vislumbre de esperan\u00e7a florescer numa exibi\u00e7\u00e3o deslumbrante da gra\u00e7a, voc\u00ea entender\u00e1 por que o livro de Rute \u00e9 considerado, por alguns, a maior hist\u00f3ria de amor de todos os tempos. Contudo, essa hist\u00f3ria de amor tem a ver muito menos com romance e muito mais com restaura\u00e7\u00e3o. \u00c9 uma hist\u00f3ria a respeito de como Deus pode transformar a trag\u00e9dia em alegria, independente de qu\u00e3o desesperadoras possam parecer as nossas circunst\u00e2ncias.<\/p>\n<p>Neste estudo b\u00edblico de seis semanas, aprenda sobre restaura\u00e7\u00e3o, caminhando vers\u00edculo por vers\u00edculo, atrav\u00e9s do livro de Rute: com memoriza\u00e7\u00e3o da Escritura, estudos di\u00e1rios e perguntas para reflex\u00e3o. Este material \u00e9 ideal tanto para estudo individual como em grupo.<\/p>\n","protected":false},"excerpt":{"rendered":"<p>TODA HIST\u00d3RIA \u00c9, DE FATO, A HIST\u00d3RIA DE DEUS, MESMO A SUA HIST\u00d3RIA. Uma na\u00e7\u00e3o sofredora, esmorecendo por conta de&hellip;<\/p>\n","protected":false},"featured_media":345122,"comment_status":"open","ping_status":"closed","template":"","meta":[],"product_cat":[164,134],"product_tag":[],"_links":{"self":[{"href":"https:\/\/www.livrariarema.com.br\/loja\/wp-json\/wp\/v2\/product\/142096"}],"collection":[{"href":"https:\/\/www.livrariarema.com.br\/loja\/wp-json\/wp\/v2\/product"}],"about":[{"href":"https:\/\/www.livrariarema.com.br\/loja\/wp-json\/wp\/v2\/types\/product"}],"replies":[{"embeddable":true,"href":"https:\/\/www.livrariarema.com.br\/loja\/wp-json\/wp\/v2\/comments?post=142096"}],"wp:featuredmedia":[{"embeddable":true,"href":"https:\/\/www.livrariarema.com.br\/loja\/wp-json\/wp\/v2\/media\/345122"}],"wp:attachment":[{"href":"https:\/\/www.livrariarema.com.br\/loja\/wp-json\/wp\/v2\/media?parent=142096"}],"wp:term":[{"taxonomy":"product_cat","embeddable":true,"href":"https:\/\/www.livrariarema.com.br\/loja\/wp-json\/wp\/v2\/product_cat?post=142096"},{"taxonomy":"product_tag","embeddable":true,"href":"https:\/\/www.livrariarema.com.br\/loja\/wp-json\/wp\/v2\/product_tag?post=142096"}],"curies":[{"name":"wp","href":"https:\/\/api.w.org\/{rel}","templated":true}]}}