{"id":149421,"date":"2022-03-18T10:57:51","date_gmt":"2022-03-18T13:57:51","guid":{"rendered":"https:\/\/www.livrariarema.com.br\/loja\/produtos\/sem%20categoria\/le-para-mim-a-raposa-e-as-uvas\/"},"modified":"2026-03-24T11:21:06","modified_gmt":"2026-03-24T14:21:06","slug":"le-para-mim-a-raposa-e-as-uvas","status":"publish","type":"product","link":"https:\/\/www.livrariarema.com.br\/loja\/produtos\/livros\/infantil\/le-para-mim-a-raposa-e-as-uvas\/","title":{"rendered":"L\u00ea Pra Mim &#8211; A Raposa E As Uvas"},"content":{"rendered":"<p>Uma raposa estava andando pela floresta e com vontade de comer algo doce. Ela se deparou com uma parreira cheinha de belas uvas, mas n\u00e3o conseguia peg\u00e1-las. Leia esta hist\u00f3ria que fala sobre humildade e paci\u00eancia.<\/p>\n","protected":false},"excerpt":{"rendered":"<p>Uma raposa estava andando pela floresta e com vontade de comer algo doce. Ela se deparou com uma parreira cheinha&hellip;<\/p>\n","protected":false},"featured_media":346633,"comment_status":"open","ping_status":"closed","template":"","meta":[],"product_cat":[144,134],"product_tag":[],"_links":{"self":[{"href":"https:\/\/www.livrariarema.com.br\/loja\/wp-json\/wp\/v2\/product\/149421"}],"collection":[{"href":"https:\/\/www.livrariarema.com.br\/loja\/wp-json\/wp\/v2\/product"}],"about":[{"href":"https:\/\/www.livrariarema.com.br\/loja\/wp-json\/wp\/v2\/types\/product"}],"replies":[{"embeddable":true,"href":"https:\/\/www.livrariarema.com.br\/loja\/wp-json\/wp\/v2\/comments?post=149421"}],"wp:featuredmedia":[{"embeddable":true,"href":"https:\/\/www.livrariarema.com.br\/loja\/wp-json\/wp\/v2\/media\/346633"}],"wp:attachment":[{"href":"https:\/\/www.livrariarema.com.br\/loja\/wp-json\/wp\/v2\/media?parent=149421"}],"wp:term":[{"taxonomy":"product_cat","embeddable":true,"href":"https:\/\/www.livrariarema.com.br\/loja\/wp-json\/wp\/v2\/product_cat?post=149421"},{"taxonomy":"product_tag","embeddable":true,"href":"https:\/\/www.livrariarema.com.br\/loja\/wp-json\/wp\/v2\/product_tag?post=149421"}],"curies":[{"name":"wp","href":"https:\/\/api.w.org\/{rel}","templated":true}]}}