{"id":156335,"date":"2022-04-25T10:13:43","date_gmt":"2022-04-25T13:13:43","guid":{"rendered":"https:\/\/www.livrariarema.com.br\/loja\/produtos\/sem categoria\/comentario-expositivo-tiago-1-e-2pedro-e-judas-jim-samra\/"},"modified":"2026-02-20T12:53:24","modified_gmt":"2026-02-20T15:53:24","slug":"comentario-expositivo-tiago-1-e-2pedro-e-judas-jim-samra","status":"publish","type":"product","link":"https:\/\/www.livrariarema.com.br\/loja\/produtos\/livros\/estudo-biblico\/comentario-expositivo-tiago-1-e-2pedro-e-judas-jim-samra\/","title":{"rendered":"Coment\u00e1rio Expositivo &#8211; Tiago, 1 E 2Pedro E Judas &#8211; Jim Samra"},"content":{"rendered":"<p>Jim Samra oferece um coment\u00e1rio pastoral perspicaz desses livros t\u00e3o importantes.<\/p>\n<p>Tiago trata de f\u00e9 e obras, do papel das Escrituras e da pr\u00e1tica da miseric\u00f3rdia no cotidiano da igreja local. A Primeira Carta de Pedro fala do plano divino de salva\u00e7\u00e3o e do sofrimento crist\u00e3o. \u00c9 um incentivo para o discipulado fiel em nossa condi\u00e7\u00e3o de estrangeiros em um mundo hostil. A Segunda Carta de Pedro nos exorta a crescer em fidelidade, especialmente levando em considera\u00e7\u00e3o a presen\u00e7a de falsos mestres. O livro sucinto de Judas enfatiza a defesa da f\u00e9 apost\u00f3lica diante da impiedade na igreja e na sociedade. <\/p>\n<p>A S\u00e9rie Coment\u00e1rio Expositivo oferece a pastores, pregadores, mestres e estudantes da Palavra de Deus o que h\u00e1 de melhor na \u00e1rea do conhecimento b\u00edblico, para que possam passar sem dificuldades do significado do texto a sua comunica\u00e7\u00e3o eficaz. Em cada volume, o livro b\u00edblico tratado \u00e9 dividido em unidades de prega\u00e7\u00e3o (per\u00edcopes) selecionadas com cuidado e acompanhadas de coment\u00e1rios. Assim, a s\u00e9rie permite que o leitor assimile rapidamente as informa\u00e7\u00f5es mais importantes.<\/p>\n<p>Cada volume \u00e9 composto das seguintes se\u00e7\u00f5es, voltadas para a passagem estudada:<br \/>\n&#8211; IDEIA CENTRAL <br \/>\n&#8211; PARA ENTENDER O TEXTO<br \/>\n&#8211; PRINCIPAIS TEMAS<br \/>\n&#8211; PARA ENSINAR O TEXTO<br \/>\n&#8211; PARA ILUSTRAR O TEXTO<\/p>\n","protected":false},"excerpt":{"rendered":"<p>Jim Samra oferece um coment\u00e1rio pastoral perspicaz desses livros t\u00e3o importantes. Tiago trata de f\u00e9 e obras, do papel das&hellip;<\/p>\n","protected":false},"featured_media":344934,"comment_status":"open","ping_status":"closed","template":"","meta":[],"product_cat":[161,134],"product_tag":[],"_links":{"self":[{"href":"https:\/\/www.livrariarema.com.br\/loja\/wp-json\/wp\/v2\/product\/156335"}],"collection":[{"href":"https:\/\/www.livrariarema.com.br\/loja\/wp-json\/wp\/v2\/product"}],"about":[{"href":"https:\/\/www.livrariarema.com.br\/loja\/wp-json\/wp\/v2\/types\/product"}],"replies":[{"embeddable":true,"href":"https:\/\/www.livrariarema.com.br\/loja\/wp-json\/wp\/v2\/comments?post=156335"}],"wp:featuredmedia":[{"embeddable":true,"href":"https:\/\/www.livrariarema.com.br\/loja\/wp-json\/wp\/v2\/media\/344934"}],"wp:attachment":[{"href":"https:\/\/www.livrariarema.com.br\/loja\/wp-json\/wp\/v2\/media?parent=156335"}],"wp:term":[{"taxonomy":"product_cat","embeddable":true,"href":"https:\/\/www.livrariarema.com.br\/loja\/wp-json\/wp\/v2\/product_cat?post=156335"},{"taxonomy":"product_tag","embeddable":true,"href":"https:\/\/www.livrariarema.com.br\/loja\/wp-json\/wp\/v2\/product_tag?post=156335"}],"curies":[{"name":"wp","href":"https:\/\/api.w.org\/{rel}","templated":true}]}}