{"id":157882,"date":"2022-05-02T15:46:54","date_gmt":"2022-05-02T18:46:54","guid":{"rendered":"https:\/\/www.livrariarema.com.br\/loja\/produtos\/sem%20categoria\/biblia-de-estudo-live-nvi-tone\/"},"modified":"2025-12-26T16:30:32","modified_gmt":"2025-12-26T19:30:32","slug":"biblia-de-estudo-live-nvi-tone","status":"publish","type":"product","link":"https:\/\/www.livrariarema.com.br\/loja\/produtos\/biblias\/estudo\/biblia-de-estudo-live-nvi-tone\/","title":{"rendered":"B\u00edblia De Estudo Live &#8211; Nvi &#8211; Tone"},"content":{"rendered":"<p>Achar o ponto de equil\u00edbrio entre a f\u00e9 e a pr\u00e1tica \u00e9 um dos maiores desafios da juventude, e a B\u00edblia de Estudo LIVE est\u00e1 a\u00ed para ajudar a mo\u00e7ada a encontrar as melhores respostas &#8211; aquelas da Palavra de Deus. <br \/>A LIVE \u00e9 recheada do come\u00e7o ao fim com diversas se\u00e7\u00f5es que deixar\u00e1 a B\u00edblia com a cara do dono: &#8220;Expresse-se&#8221;, com pensamentos que instigar\u00e3o o jovem a interagir com diferentes aspectos da vida; &#8220;Espa\u00e7o criativo&#8221;, destinado \u00e0 imagina\u00e7\u00e3o, questionamentos e manifesta\u00e7\u00f5es do leitor; &#8220;Experimente isso&#8221;, com desafios para colocar a pr\u00f3pria f\u00e9 em pr\u00e1tica, e muito mais. Com design moderno e texto na Nova Vers\u00e3o Internacional, mais coloquial e de f\u00e1cil entendimento, a LIVE estimula a interatividade com ferramentas virtuais e vai ser uma curti\u00e7\u00e3o j\u00e1 a partir da capa. <br \/>Ela descortina um mundo surpreendente sobre Jesus, a espiritualidade e a vida crist\u00e3 onde o jovem leitor descobre seu lugar no Reino de Deus e entende que o Senhor quer am\u00e1-lo e us\u00e1-lo do jeito que ele \u00e9.<\/p>\n","protected":false},"excerpt":{"rendered":"<p>Achar o ponto de equil\u00edbrio entre a f\u00e9 e a pr\u00e1tica \u00e9 um dos maiores desafios da juventude, e a&hellip;<\/p>\n","protected":false},"featured_media":325988,"comment_status":"open","ping_status":"closed","template":"","meta":[],"product_cat":[139,140],"product_tag":[],"_links":{"self":[{"href":"https:\/\/www.livrariarema.com.br\/loja\/wp-json\/wp\/v2\/product\/157882"}],"collection":[{"href":"https:\/\/www.livrariarema.com.br\/loja\/wp-json\/wp\/v2\/product"}],"about":[{"href":"https:\/\/www.livrariarema.com.br\/loja\/wp-json\/wp\/v2\/types\/product"}],"replies":[{"embeddable":true,"href":"https:\/\/www.livrariarema.com.br\/loja\/wp-json\/wp\/v2\/comments?post=157882"}],"wp:featuredmedia":[{"embeddable":true,"href":"https:\/\/www.livrariarema.com.br\/loja\/wp-json\/wp\/v2\/media\/325988"}],"wp:attachment":[{"href":"https:\/\/www.livrariarema.com.br\/loja\/wp-json\/wp\/v2\/media?parent=157882"}],"wp:term":[{"taxonomy":"product_cat","embeddable":true,"href":"https:\/\/www.livrariarema.com.br\/loja\/wp-json\/wp\/v2\/product_cat?post=157882"},{"taxonomy":"product_tag","embeddable":true,"href":"https:\/\/www.livrariarema.com.br\/loja\/wp-json\/wp\/v2\/product_tag?post=157882"}],"curies":[{"name":"wp","href":"https:\/\/api.w.org\/{rel}","templated":true}]}}