{"id":162795,"date":"2022-06-06T10:14:34","date_gmt":"2022-06-06T13:14:34","guid":{"rendered":"https:\/\/www.livrariarema.com.br\/loja\/produtos\/sem categoria\/a-e-de-adao-abc-biblico-ilustrado\/"},"modified":"2026-04-10T00:05:18","modified_gmt":"2026-04-10T03:05:18","slug":"a-e-de-adao-abc-biblico-ilustrado","status":"publish","type":"product","link":"https:\/\/www.livrariarema.com.br\/loja\/produtos\/promocao\/livros-promocao\/a-e-de-adao-abc-biblico-ilustrado\/","title":{"rendered":"A \u00c9 De Ad\u00e3o &#8211; Abc B\u00edblico Ilustrado"},"content":{"rendered":"<p>A e de Ad\u00e3o, o primeiro homem criado<br \/>\nEle a lei de Deus quebrou, e no mundo entrou o pecado.<\/p>\n<p>Este livro traduz e adapta \u00e0 nossa l\u00edngua um famoso abeced\u00e1rio rimado e ilustrado, que por d\u00e9cadas foi usado e aprovado nas escolas crist\u00e3s norte-americanas. Que ele seja um primeiro passo para um curr\u00edculo crist\u00e3o e para colocarmos diante das crian\u00e7as tanto os fundamentos da linguagem como tamb\u00e9m da Palavra, do Evangelho e de Cristo, com poesias que ficar\u00e3o gravadas para sempre em suas mem\u00f3rias e, com a gra\u00e7a de Deus, em seus cora\u00e7\u00f5es.<\/p>\n<p>&#8212;&#8212;<\/p>\n<p>Alfabetizar com base na B\u00edblia \u00e9 o sonho de muitos pais e educadores crist\u00e3os. Mas isso seria poss\u00edvel? <\/p>\n<p>No tempo em que as escolas p\u00fablicas norte-americanas ainda eram solidamente crist\u00e3s e entregaram ao mundo muitas mentes piedosas e eruditas. todas as crian\u00e7as aprendiam a ler de um pequeno primer &#8211; ou cartilha &#8211; que ensinava o alfabeto e continha vers\u00edculos  b\u00edblicos, princ\u00edpios das Escrituras e hist\u00f3rias sobre os personagens b\u00edblicos.  Essas cartilhas, herdadas do tempo da coloniza\u00e7\u00e3o e usadas at\u00e9  o in\u00edcio do s\u00e9culo XX, baseavam se num ensino tradicional, m\u00e9todos simples, na alfabetiza\u00e7\u00e3o pelo m\u00e9todo f\u00f4nico e sobretudo num forte ensinamento doutrin\u00e1rio e moral b\u00edblico. <\/p>\n<p>Quem sabe n\u00e3o \u00e9 tarde demais para olharmos para tr\u00e1s e aprendermos alguma coisa desses s\u00e1bios e piedosos preceptores educacionais que colheram frutos que tamb\u00e9m desejamos colher na educa\u00e7\u00e3o das nossas crian\u00e7as, seja na escola como no lar, e para come\u00e7armos a formar uma cultura crist\u00e3 na mente da pr\u00f3xima gera\u00e7\u00e3o. <\/p>\n<p>Este livro que seus filhos tem hoje em m\u00e3os e uma tradu\u00e7\u00e3o e adapta\u00e7\u00e3o deste famoso abeced\u00e1rio b\u00edblico ilustrado e rimado usado como propulsor da Alfabetiza\u00e7\u00e3o e do Ensino Crist\u00e3o nas escolas p\u00fablicas e privadas dos Estados Unidos.<\/p>\n","protected":false},"excerpt":{"rendered":"<p>A e de Ad\u00e3o, o primeiro homem criado Ele a lei de Deus quebrou, e no mundo entrou o pecado.&hellip;<\/p>\n","protected":false},"featured_media":340632,"comment_status":"open","ping_status":"closed","template":"","meta":[],"product_cat":[143,142],"product_tag":[],"_links":{"self":[{"href":"https:\/\/www.livrariarema.com.br\/loja\/wp-json\/wp\/v2\/product\/162795"}],"collection":[{"href":"https:\/\/www.livrariarema.com.br\/loja\/wp-json\/wp\/v2\/product"}],"about":[{"href":"https:\/\/www.livrariarema.com.br\/loja\/wp-json\/wp\/v2\/types\/product"}],"replies":[{"embeddable":true,"href":"https:\/\/www.livrariarema.com.br\/loja\/wp-json\/wp\/v2\/comments?post=162795"}],"wp:featuredmedia":[{"embeddable":true,"href":"https:\/\/www.livrariarema.com.br\/loja\/wp-json\/wp\/v2\/media\/340632"}],"wp:attachment":[{"href":"https:\/\/www.livrariarema.com.br\/loja\/wp-json\/wp\/v2\/media?parent=162795"}],"wp:term":[{"taxonomy":"product_cat","embeddable":true,"href":"https:\/\/www.livrariarema.com.br\/loja\/wp-json\/wp\/v2\/product_cat?post=162795"},{"taxonomy":"product_tag","embeddable":true,"href":"https:\/\/www.livrariarema.com.br\/loja\/wp-json\/wp\/v2\/product_tag?post=162795"}],"curies":[{"name":"wp","href":"https:\/\/api.w.org\/{rel}","templated":true}]}}