{"id":165068,"date":"2022-06-14T14:06:26","date_gmt":"2022-06-14T17:06:26","guid":{"rendered":"https:\/\/www.livrariarema.com.br\/loja\/produtos\/sem categoria\/ntlh063bets-biblia-explicada-para-criancas-smilinguido-feminina\/"},"modified":"2025-10-15T18:41:37","modified_gmt":"2025-10-15T21:41:37","slug":"ntlh063bets-biblia-explicada-para-criancas-smilinguido-feminina","status":"publish","type":"product","link":"https:\/\/www.livrariarema.com.br\/loja\/produtos\/biblias\/infantil-biblias\/ntlh063bets-biblia-explicada-para-criancas-smilinguido-feminina\/","title":{"rendered":"Ntlh063bets &#8211; B\u00edblia Explicada Para Crian\u00e7as &#8211; Smilinguido &#8211; Feminina"},"content":{"rendered":"<p>A B\u00edblia Explicada para Crian\u00e7as foi desenvolvida a partir da necessidade de fazer com que a B\u00edblia seja compreens\u00edvel para todos, inclusive pelas crian\u00e7as. A edi\u00e7\u00e3o \u00e9 uma excelente ferramenta para despertar, no pequeno leitor, o interesse em estudar a Palavra de Deus. Com lindas ilustra\u00e7\u00f5es Smilinguido, tem texto b\u00edblico na Nova Tradu\u00e7\u00e3o na Linguagem de Hoje, mais acess\u00edvel e de f\u00e1cil compreens\u00e3o. Al\u00e9m disso, traz diversos recursos que ajudar\u00e3o a crian\u00e7a a explorar, sozinha, os ensinamentos de Deus. Com a B\u00edblia Explicada para Crian\u00e7as, ser\u00e1 mais f\u00e1cil para as crian\u00e7as entenderem como aconteceram as hist\u00f3rias narradas nas Escrituras Sagradas. Colorida em papel B\u00edblia.<\/p>\n","protected":false},"excerpt":{"rendered":"<p>A B\u00edblia Explicada para Crian\u00e7as foi desenvolvida a partir da necessidade de fazer com que a B\u00edblia seja compreens\u00edvel para&hellip;<\/p>\n","protected":false},"featured_media":332661,"comment_status":"open","ping_status":"closed","template":"","meta":[],"product_cat":[139,202],"product_tag":[],"_links":{"self":[{"href":"https:\/\/www.livrariarema.com.br\/loja\/wp-json\/wp\/v2\/product\/165068"}],"collection":[{"href":"https:\/\/www.livrariarema.com.br\/loja\/wp-json\/wp\/v2\/product"}],"about":[{"href":"https:\/\/www.livrariarema.com.br\/loja\/wp-json\/wp\/v2\/types\/product"}],"replies":[{"embeddable":true,"href":"https:\/\/www.livrariarema.com.br\/loja\/wp-json\/wp\/v2\/comments?post=165068"}],"wp:featuredmedia":[{"embeddable":true,"href":"https:\/\/www.livrariarema.com.br\/loja\/wp-json\/wp\/v2\/media\/332661"}],"wp:attachment":[{"href":"https:\/\/www.livrariarema.com.br\/loja\/wp-json\/wp\/v2\/media?parent=165068"}],"wp:term":[{"taxonomy":"product_cat","embeddable":true,"href":"https:\/\/www.livrariarema.com.br\/loja\/wp-json\/wp\/v2\/product_cat?post=165068"},{"taxonomy":"product_tag","embeddable":true,"href":"https:\/\/www.livrariarema.com.br\/loja\/wp-json\/wp\/v2\/product_tag?post=165068"}],"curies":[{"name":"wp","href":"https:\/\/api.w.org\/{rel}","templated":true}]}}