{"id":168008,"date":"2022-07-01T11:07:46","date_gmt":"2022-07-01T14:07:46","guid":{"rendered":"https:\/\/www.livrariarema.com.br\/loja\/produtos\/sem categoria\/ausencia-de-dons-a-w-tozer\/"},"modified":"2025-12-24T09:51:05","modified_gmt":"2025-12-24T12:51:05","slug":"ausencia-de-dons-a-w-tozer","status":"publish","type":"product","link":"https:\/\/www.livrariarema.com.br\/loja\/produtos\/livros\/igreja\/ausencia-de-dons-a-w-tozer\/","title":{"rendered":"Aus\u00eancia De Dons &#8211; A. W. Tozer"},"content":{"rendered":"<p>Esses serm\u00f5es tratam diretamente dos assuntos da igreja crist\u00e3 e da base espiritual para seus minist\u00e9rios variados e cont\u00ednuos. Mostram o amor, o apre\u00e7o e a preocupa\u00e7\u00e3o de A. W. Tozer pela igreja, o que o motivou a sempre ter cautela. Tozer sempre desejou revelar \u00e0 Alian\u00e7a Crist\u00e3 e Mission\u00e1ria o desejo de cada membro de a igreja alcan\u00e7ar seu pleno potencial para honrar o Senhor Jesus Cristo, e este livro representa bem esse anseio.<\/p>\n","protected":false},"excerpt":{"rendered":"<p>Esses serm\u00f5es tratam diretamente dos assuntos da igreja crist\u00e3 e da base espiritual para seus minist\u00e9rios variados e cont\u00ednuos. Mostram&hellip;<\/p>\n","protected":false},"featured_media":339142,"comment_status":"open","ping_status":"closed","template":"","meta":[],"product_cat":[197,134],"product_tag":[],"_links":{"self":[{"href":"https:\/\/www.livrariarema.com.br\/loja\/wp-json\/wp\/v2\/product\/168008"}],"collection":[{"href":"https:\/\/www.livrariarema.com.br\/loja\/wp-json\/wp\/v2\/product"}],"about":[{"href":"https:\/\/www.livrariarema.com.br\/loja\/wp-json\/wp\/v2\/types\/product"}],"replies":[{"embeddable":true,"href":"https:\/\/www.livrariarema.com.br\/loja\/wp-json\/wp\/v2\/comments?post=168008"}],"wp:featuredmedia":[{"embeddable":true,"href":"https:\/\/www.livrariarema.com.br\/loja\/wp-json\/wp\/v2\/media\/339142"}],"wp:attachment":[{"href":"https:\/\/www.livrariarema.com.br\/loja\/wp-json\/wp\/v2\/media?parent=168008"}],"wp:term":[{"taxonomy":"product_cat","embeddable":true,"href":"https:\/\/www.livrariarema.com.br\/loja\/wp-json\/wp\/v2\/product_cat?post=168008"},{"taxonomy":"product_tag","embeddable":true,"href":"https:\/\/www.livrariarema.com.br\/loja\/wp-json\/wp\/v2\/product_tag?post=168008"}],"curies":[{"name":"wp","href":"https:\/\/api.w.org\/{rel}","templated":true}]}}