{"id":168366,"date":"2022-07-04T10:15:15","date_gmt":"2022-07-04T13:15:15","guid":{"rendered":"https:\/\/www.livrariarema.com.br\/loja\/produtos\/sem categoria\/armadilhas-do-inimigo-as-bob-sorge\/"},"modified":"2025-11-28T13:11:24","modified_gmt":"2025-11-28T16:11:24","slug":"armadilhas-do-inimigo-as-bob-sorge","status":"publish","type":"product","link":"https:\/\/www.livrariarema.com.br\/loja\/produtos\/livros\/batalha-espiritual\/armadilhas-do-inimigo-as-bob-sorge\/","title":{"rendered":"Armadilhas Do Inimigo, As &#8211; Bob Sorge"},"content":{"rendered":"<p>As armadilhas do inimigo<br \/>\nComo lidar com a rejei\u00e7\u00e3o e o louvor dos homens.<\/p>\n<p>REJEI\u00c7\u00c3O<br \/>\nMuitas pessoas foram devoradas por seu estrago, e a maioria tamb\u00e9m a distribuiu.<\/p>\n<p>LOUVORES DE HOMENS <br \/>\nOs sinistros tent\u00e1culos do louvor do homem buscam constantemente desqualicar os servos de Deus de sua mais alta heran\u00e7a.<\/p>\n<p>Rejei\u00e7\u00e3o e bajula\u00e7\u00e3o s\u00e3o como barrancos g\u00eameos que percorrem a estrada estreita da santidade. Cada passo conta. Para Jesus, as opini\u00f5es dos homens eram insignifcantes \u00e0 luz da afei\u00e7\u00e3o exuberante e da aprova\u00e7\u00e3o apaixonada do Seu Pai.<\/p>\n<p>Aprenda como manter seu cora\u00e7\u00e3o diante de Deus de um modo que agrade a Ele em meio \u00e0 rejei\u00e7\u00e3o e ao louvor das pessoas.<\/p>\n<p>BOB SORGE mora em Kansas City, Missouri, EUA, onde \u00e9 membro da Casa Internacional de Ora\u00e7\u00e3o. Ele carrega uma paix\u00e3o pelo reavivamento das igrejas e a intimidade pessoal com Jesus, que caracteriza todos os seus livros.<\/p>\n","protected":false},"excerpt":{"rendered":"<p>As armadilhas do inimigo Como lidar com a rejei\u00e7\u00e3o e o louvor dos homens. REJEI\u00c7\u00c3O Muitas pessoas foram devoradas por&hellip;<\/p>\n","protected":false},"featured_media":332856,"comment_status":"open","ping_status":"closed","template":"","meta":[],"product_cat":[135,134],"product_tag":[],"_links":{"self":[{"href":"https:\/\/www.livrariarema.com.br\/loja\/wp-json\/wp\/v2\/product\/168366"}],"collection":[{"href":"https:\/\/www.livrariarema.com.br\/loja\/wp-json\/wp\/v2\/product"}],"about":[{"href":"https:\/\/www.livrariarema.com.br\/loja\/wp-json\/wp\/v2\/types\/product"}],"replies":[{"embeddable":true,"href":"https:\/\/www.livrariarema.com.br\/loja\/wp-json\/wp\/v2\/comments?post=168366"}],"wp:featuredmedia":[{"embeddable":true,"href":"https:\/\/www.livrariarema.com.br\/loja\/wp-json\/wp\/v2\/media\/332856"}],"wp:attachment":[{"href":"https:\/\/www.livrariarema.com.br\/loja\/wp-json\/wp\/v2\/media?parent=168366"}],"wp:term":[{"taxonomy":"product_cat","embeddable":true,"href":"https:\/\/www.livrariarema.com.br\/loja\/wp-json\/wp\/v2\/product_cat?post=168366"},{"taxonomy":"product_tag","embeddable":true,"href":"https:\/\/www.livrariarema.com.br\/loja\/wp-json\/wp\/v2\/product_tag?post=168366"}],"curies":[{"name":"wp","href":"https:\/\/api.w.org\/{rel}","templated":true}]}}