{"id":168605,"date":"2022-07-05T11:07:53","date_gmt":"2022-07-05T14:07:53","guid":{"rendered":"https:\/\/www.livrariarema.com.br\/loja\/produtos\/sem categoria\/lidere-em-tempos-dificeis-john-c-maxwell\/"},"modified":"2026-01-19T18:40:45","modified_gmt":"2026-01-19T21:40:45","slug":"lidere-em-tempos-dificeis-john-c-maxwell","status":"publish","type":"product","link":"https:\/\/www.livrariarema.com.br\/loja\/produtos\/livros\/lideranca\/lidere-em-tempos-dificeis-john-c-maxwell\/","title":{"rendered":"Lidere Em Tempos Dificeis &#8211; John C. Maxwell"},"content":{"rendered":"<p>Uma das tarefas mais desafiadoras para um l\u00edder \u00e9 ser um agente de mudan\u00e7a e conduzir as pessoas em meio a tempos dif\u00edceis. Mas tamb\u00e9m pode ser uma das mais recompensadoras. Bons lideres nunca delegam a solu\u00e7\u00e3o de problemas para outro. Eles s\u00e3o ativos ao enfrentar desafios, superar obst\u00e1culos, apagar inc\u00eandios, corrigir erros e direcionar pessoas. Tempos dif\u00edceis nao destroem bons lideres, ao contrario, os constroem.<\/p>\n","protected":false},"excerpt":{"rendered":"<p>Uma das tarefas mais desafiadoras para um l\u00edder \u00e9 ser um agente de mudan\u00e7a e conduzir as pessoas em meio&hellip;<\/p>\n","protected":false},"featured_media":339379,"comment_status":"open","ping_status":"closed","template":"","meta":[],"product_cat":[153,134],"product_tag":[],"_links":{"self":[{"href":"https:\/\/www.livrariarema.com.br\/loja\/wp-json\/wp\/v2\/product\/168605"}],"collection":[{"href":"https:\/\/www.livrariarema.com.br\/loja\/wp-json\/wp\/v2\/product"}],"about":[{"href":"https:\/\/www.livrariarema.com.br\/loja\/wp-json\/wp\/v2\/types\/product"}],"replies":[{"embeddable":true,"href":"https:\/\/www.livrariarema.com.br\/loja\/wp-json\/wp\/v2\/comments?post=168605"}],"wp:featuredmedia":[{"embeddable":true,"href":"https:\/\/www.livrariarema.com.br\/loja\/wp-json\/wp\/v2\/media\/339379"}],"wp:attachment":[{"href":"https:\/\/www.livrariarema.com.br\/loja\/wp-json\/wp\/v2\/media?parent=168605"}],"wp:term":[{"taxonomy":"product_cat","embeddable":true,"href":"https:\/\/www.livrariarema.com.br\/loja\/wp-json\/wp\/v2\/product_cat?post=168605"},{"taxonomy":"product_tag","embeddable":true,"href":"https:\/\/www.livrariarema.com.br\/loja\/wp-json\/wp\/v2\/product_tag?post=168605"}],"curies":[{"name":"wp","href":"https:\/\/api.w.org\/{rel}","templated":true}]}}