{"id":168771,"date":"2022-07-05T16:08:37","date_gmt":"2022-07-05T19:08:37","guid":{"rendered":"https:\/\/www.livrariarema.com.br\/loja\/produtos\/sem categoria\/biblia-gigante-letra-mega-legivel-preta\/"},"modified":"2026-02-25T15:50:24","modified_gmt":"2026-02-25T18:50:24","slug":"biblia-gigante-letra-mega-legivel-preta","status":"publish","type":"product","link":"https:\/\/www.livrariarema.com.br\/loja\/produtos\/biblias\/revista-corrigida-fiel\/biblia-gigante-letra-mega-legivel-preta\/","title":{"rendered":"B\u00edblia Gigante &#8211; Letra Mega Leg\u00edvel &#8211; Preta"},"content":{"rendered":"<p>A vers\u00e3o Almeida Corrigida Fiel | acf (revisado segundo o novo acordo ortogr\u00e1fico da l\u00edngua portuguesa em 2011) \u00e9 uma tradu\u00e7\u00e3o fiel do Velho Testamento em Hebraico (Massor\u00e9tico) e do Novo Testamento em Grego (Textus Receptus), segundo o m\u00e9todo de tradu\u00e7\u00e3o formal (traduzindo cada palavra e mantendo a beleza lingu\u00edstica). <br \/> Esta B\u00edblia tem formato gigante plus e letra mega leg\u00edvel. <br \/>\nPossui tamb\u00e9m: Refer\u00eancias; Subt\u00edtulos (aux\u00edlio para encontrar passagens b\u00edblicas); Gloss\u00e1rio (um pequeno dicion\u00e1rio) e Mini Concord\u00e2ncia (aux\u00edlio para encontrar vers\u00edculos na B\u00edblia). B\u00edblia Premium, capa sint\u00e9tica luxo na cor preta. <br \/>\nPalavras de Cristo em Evid\u00eancia. <br \/>\nImpresso na SWPress.<\/p>\n","protected":false},"excerpt":{"rendered":"<p>A vers\u00e3o Almeida Corrigida Fiel | acf (revisado segundo o novo acordo ortogr\u00e1fico da l\u00edngua portuguesa em 2011) \u00e9 uma&hellip;<\/p>\n","protected":false},"featured_media":310378,"comment_status":"open","ping_status":"closed","template":"","meta":[],"product_cat":[139,212],"product_tag":[],"_links":{"self":[{"href":"https:\/\/www.livrariarema.com.br\/loja\/wp-json\/wp\/v2\/product\/168771"}],"collection":[{"href":"https:\/\/www.livrariarema.com.br\/loja\/wp-json\/wp\/v2\/product"}],"about":[{"href":"https:\/\/www.livrariarema.com.br\/loja\/wp-json\/wp\/v2\/types\/product"}],"replies":[{"embeddable":true,"href":"https:\/\/www.livrariarema.com.br\/loja\/wp-json\/wp\/v2\/comments?post=168771"}],"wp:featuredmedia":[{"embeddable":true,"href":"https:\/\/www.livrariarema.com.br\/loja\/wp-json\/wp\/v2\/media\/310378"}],"wp:attachment":[{"href":"https:\/\/www.livrariarema.com.br\/loja\/wp-json\/wp\/v2\/media?parent=168771"}],"wp:term":[{"taxonomy":"product_cat","embeddable":true,"href":"https:\/\/www.livrariarema.com.br\/loja\/wp-json\/wp\/v2\/product_cat?post=168771"},{"taxonomy":"product_tag","embeddable":true,"href":"https:\/\/www.livrariarema.com.br\/loja\/wp-json\/wp\/v2\/product_tag?post=168771"}],"curies":[{"name":"wp","href":"https:\/\/api.w.org\/{rel}","templated":true}]}}