{"id":170542,"date":"2022-07-15T13:16:09","date_gmt":"2022-07-15T16:16:09","guid":{"rendered":"https:\/\/www.livrariarema.com.br\/loja\/produtos\/sem categoria\/dia-a-dia-com-jonathan-edwards\/"},"modified":"2026-01-07T17:10:34","modified_gmt":"2026-01-07T20:10:34","slug":"dia-a-dia-com-jonathan-edwards","status":"publish","type":"product","link":"https:\/\/www.livrariarema.com.br\/loja\/produtos\/livros\/devocional\/dia-a-dia-com-jonathan-edwards\/","title":{"rendered":"Dia A Dia Com Jonathan Edwards"},"content":{"rendered":"<p>Considerado um dos maiores pensadores da hist\u00f3ria americana, Jonathan Edwards foi, antes de tudo, um pregador convincente e pastor cuidadoso.<\/p>\n<p>Apresentando 366 medita\u00e7\u00f5es que desafiam \u00e0 reflex\u00e3o, acompanhadas das passagens das Escrituras, Dia a Dia com Jonathan Edwards oferece diariamente exorta\u00e7\u00f5es e encorajamento vindos de um dos principais personagens do Grande Despertamento, o primeiro avivamento norte-americano (1720-40). Instiga os leitores a meditarem sobre como deve ser a verdadeira vida crist\u00e3.<\/p>\n<p>Mais do que uma grande apresenta\u00e7\u00e3o do pensamento desse renomado te\u00f3logo e evangelista Puritano, estes devocionais apresentam um raro vislumbre de um cora\u00e7\u00e3o consumido por paix\u00e3o pela gl\u00f3ria de Deus.<\/p>\n","protected":false},"excerpt":{"rendered":"<p>Considerado um dos maiores pensadores da hist\u00f3ria americana, Jonathan Edwards foi, antes de tudo, um pregador convincente e pastor cuidadoso.&hellip;<\/p>\n","protected":false},"featured_media":338859,"comment_status":"open","ping_status":"closed","template":"","meta":[],"product_cat":[158,134],"product_tag":[],"_links":{"self":[{"href":"https:\/\/www.livrariarema.com.br\/loja\/wp-json\/wp\/v2\/product\/170542"}],"collection":[{"href":"https:\/\/www.livrariarema.com.br\/loja\/wp-json\/wp\/v2\/product"}],"about":[{"href":"https:\/\/www.livrariarema.com.br\/loja\/wp-json\/wp\/v2\/types\/product"}],"replies":[{"embeddable":true,"href":"https:\/\/www.livrariarema.com.br\/loja\/wp-json\/wp\/v2\/comments?post=170542"}],"wp:featuredmedia":[{"embeddable":true,"href":"https:\/\/www.livrariarema.com.br\/loja\/wp-json\/wp\/v2\/media\/338859"}],"wp:attachment":[{"href":"https:\/\/www.livrariarema.com.br\/loja\/wp-json\/wp\/v2\/media?parent=170542"}],"wp:term":[{"taxonomy":"product_cat","embeddable":true,"href":"https:\/\/www.livrariarema.com.br\/loja\/wp-json\/wp\/v2\/product_cat?post=170542"},{"taxonomy":"product_tag","embeddable":true,"href":"https:\/\/www.livrariarema.com.br\/loja\/wp-json\/wp\/v2\/product_tag?post=170542"}],"curies":[{"name":"wp","href":"https:\/\/api.w.org\/{rel}","templated":true}]}}