{"id":170633,"date":"2022-07-15T15:22:26","date_gmt":"2022-07-15T18:22:26","guid":{"rendered":"https:\/\/www.livrariarema.com.br\/loja\/produtos\/sem categoria\/tudo-para-ele-oswald-chambers-luxo-bordo\/"},"modified":"2025-05-24T12:41:07","modified_gmt":"2025-05-24T15:41:07","slug":"tudo-para-ele-oswald-chambers-luxo-bordo","status":"publish","type":"product","link":"https:\/\/www.livrariarema.com.br\/loja\/produtos\/livros\/devocional\/tudo-para-ele-oswald-chambers-luxo-bordo\/","title":{"rendered":"Tudo Para Ele &#8211; Oswald Chambers &#8211; Luxo &#8211; Bord\u00f4"},"content":{"rendered":"<p>O livro Tudo para Ele &#8211; Edi\u00e7\u00e3o Luxo \u00e9 composto de devocionais escritos por Oswald Chambers, um homem usado por Deus, que tinha a o dom de extrair a ess\u00eancia dos princ\u00edpios b\u00edblicos e condens\u00e1-los em pensamentos devocionais ousados e provocadores. Tudo para Ele tem desafiado um n\u00famero incont\u00e1vel de crist\u00e3os ao redor do mundo, durante oito d\u00e9cadas.<br \/>\nEsta edi\u00e7\u00e3o de Tudo para Ele, em linguagem contempor\u00e2nea, continuar\u00e1 a guiar os leitores para uma caminhada mais profunda com Deus. Sua mensagem atemporal \u00e9 imbat\u00edvel pela profundidade de sua vis\u00e3o espiritual.<\/p>\n","protected":false},"excerpt":{"rendered":"<p>O livro Tudo para Ele &#8211; Edi\u00e7\u00e3o Luxo \u00e9 composto de devocionais escritos por Oswald Chambers, um homem usado por&hellip;<\/p>\n","protected":false},"featured_media":317980,"comment_status":"open","ping_status":"closed","template":"","meta":[],"product_cat":[158,134],"product_tag":[],"_links":{"self":[{"href":"https:\/\/www.livrariarema.com.br\/loja\/wp-json\/wp\/v2\/product\/170633"}],"collection":[{"href":"https:\/\/www.livrariarema.com.br\/loja\/wp-json\/wp\/v2\/product"}],"about":[{"href":"https:\/\/www.livrariarema.com.br\/loja\/wp-json\/wp\/v2\/types\/product"}],"replies":[{"embeddable":true,"href":"https:\/\/www.livrariarema.com.br\/loja\/wp-json\/wp\/v2\/comments?post=170633"}],"wp:featuredmedia":[{"embeddable":true,"href":"https:\/\/www.livrariarema.com.br\/loja\/wp-json\/wp\/v2\/media\/317980"}],"wp:attachment":[{"href":"https:\/\/www.livrariarema.com.br\/loja\/wp-json\/wp\/v2\/media?parent=170633"}],"wp:term":[{"taxonomy":"product_cat","embeddable":true,"href":"https:\/\/www.livrariarema.com.br\/loja\/wp-json\/wp\/v2\/product_cat?post=170633"},{"taxonomy":"product_tag","embeddable":true,"href":"https:\/\/www.livrariarema.com.br\/loja\/wp-json\/wp\/v2\/product_tag?post=170633"}],"curies":[{"name":"wp","href":"https:\/\/api.w.org\/{rel}","templated":true}]}}