{"id":170845,"date":"2022-07-18T10:57:25","date_gmt":"2022-07-18T13:57:25","guid":{"rendered":"https:\/\/www.livrariarema.com.br\/loja\/produtos\/sem categoria\/halley-manual-biblico-para-criancas\/"},"modified":"2026-02-28T11:38:25","modified_gmt":"2026-02-28T14:38:25","slug":"halley-manual-biblico-para-criancas","status":"publish","type":"product","link":"https:\/\/www.livrariarema.com.br\/loja\/produtos\/livros\/infantil\/halley-manual-biblico-para-criancas\/","title":{"rendered":"Halley &#8211; Manual B\u00edblico Para Crian\u00e7as"},"content":{"rendered":"<p>oc\u00ea quer viver a aventura de conhecer mais sobre a Palavra de Deus?<br \/>\nO Manual B\u00edblico de Halley para crian\u00e7as levar\u00e1 voc\u00ea a ver li\u00e7\u00f5es importantes desde G\u00eanesis ao Apocalipse.<\/p>\n<p>Essa adapta\u00e7\u00e3o do famoso Manual B\u00edblico de Halley cont\u00e9m resumos de quase todos os cap\u00edtulos da B\u00edblia. Traz informa\u00e7\u00f5es extras sobre os povos, lugares e costumes de cada \u00e9poca para guiar as crian\u00e7as de 9 a 12 anos a compreenderem e aplicarem as verdades imut\u00e1veis de Deus. Abra as p\u00e1ginas desse lindo manual junto com sua B\u00edblia e veja como a leitura da Palavra de Deus pode ser uma aventura divertida e estimulante para toda a fam\u00edlia.<br \/><\/p>\n","protected":false},"excerpt":{"rendered":"<p>oc\u00ea quer viver a aventura de conhecer mais sobre a Palavra de Deus? O Manual B\u00edblico de Halley para crian\u00e7as&hellip;<\/p>\n","protected":false},"featured_media":338853,"comment_status":"open","ping_status":"closed","template":"","meta":[],"product_cat":[144,134],"product_tag":[],"_links":{"self":[{"href":"https:\/\/www.livrariarema.com.br\/loja\/wp-json\/wp\/v2\/product\/170845"}],"collection":[{"href":"https:\/\/www.livrariarema.com.br\/loja\/wp-json\/wp\/v2\/product"}],"about":[{"href":"https:\/\/www.livrariarema.com.br\/loja\/wp-json\/wp\/v2\/types\/product"}],"replies":[{"embeddable":true,"href":"https:\/\/www.livrariarema.com.br\/loja\/wp-json\/wp\/v2\/comments?post=170845"}],"wp:featuredmedia":[{"embeddable":true,"href":"https:\/\/www.livrariarema.com.br\/loja\/wp-json\/wp\/v2\/media\/338853"}],"wp:attachment":[{"href":"https:\/\/www.livrariarema.com.br\/loja\/wp-json\/wp\/v2\/media?parent=170845"}],"wp:term":[{"taxonomy":"product_cat","embeddable":true,"href":"https:\/\/www.livrariarema.com.br\/loja\/wp-json\/wp\/v2\/product_cat?post=170845"},{"taxonomy":"product_tag","embeddable":true,"href":"https:\/\/www.livrariarema.com.br\/loja\/wp-json\/wp\/v2\/product_tag?post=170845"}],"curies":[{"name":"wp","href":"https:\/\/api.w.org\/{rel}","templated":true}]}}