{"id":170974,"date":"2022-07-18T15:12:29","date_gmt":"2022-07-18T18:12:29","guid":{"rendered":"https:\/\/www.livrariarema.com.br\/loja\/produtos\/sem categoria\/cartao-smilinguido-muitas-bencaos\/"},"modified":"2026-04-23T11:43:26","modified_gmt":"2026-04-23T14:43:26","slug":"cartao-smilinguido-muitas-bencaos","status":"publish","type":"product","link":"https:\/\/www.livrariarema.com.br\/loja\/produtos\/papelaria\/cartoes\/cartao-smilinguido-muitas-bencaos\/","title":{"rendered":"Cart\u00e3o &#8211; Smilinguido &#8211; Muitas Ben\u00e7\u00e3os"},"content":{"rendered":"","protected":false},"excerpt":{"rendered":"","protected":false},"featured_media":341058,"comment_status":"open","ping_status":"closed","template":"","meta":[],"product_cat":[304,215],"product_tag":[],"_links":{"self":[{"href":"https:\/\/www.livrariarema.com.br\/loja\/wp-json\/wp\/v2\/product\/170974"}],"collection":[{"href":"https:\/\/www.livrariarema.com.br\/loja\/wp-json\/wp\/v2\/product"}],"about":[{"href":"https:\/\/www.livrariarema.com.br\/loja\/wp-json\/wp\/v2\/types\/product"}],"replies":[{"embeddable":true,"href":"https:\/\/www.livrariarema.com.br\/loja\/wp-json\/wp\/v2\/comments?post=170974"}],"wp:featuredmedia":[{"embeddable":true,"href":"https:\/\/www.livrariarema.com.br\/loja\/wp-json\/wp\/v2\/media\/341058"}],"wp:attachment":[{"href":"https:\/\/www.livrariarema.com.br\/loja\/wp-json\/wp\/v2\/media?parent=170974"}],"wp:term":[{"taxonomy":"product_cat","embeddable":true,"href":"https:\/\/www.livrariarema.com.br\/loja\/wp-json\/wp\/v2\/product_cat?post=170974"},{"taxonomy":"product_tag","embeddable":true,"href":"https:\/\/www.livrariarema.com.br\/loja\/wp-json\/wp\/v2\/product_tag?post=170974"}],"curies":[{"name":"wp","href":"https:\/\/api.w.org\/{rel}","templated":true}]}}