{"id":171304,"date":"2022-07-19T17:19:28","date_gmt":"2022-07-19T20:19:28","guid":{"rendered":"https:\/\/www.livrariarema.com.br\/loja\/produtos\/sem categoria\/licoes-evangelisticas-mudanca-de-rumo-cartazes\/"},"modified":"2023-06-05T10:37:49","modified_gmt":"2023-06-05T13:37:49","slug":"licoes-evangelisticas-mudanca-de-rumo-cartazes","status":"publish","type":"product","link":"https:\/\/www.livrariarema.com.br\/loja\/produtos\/diversos\/flanelografo-e-cartazes\/licoes-evangelisticas-mudanca-de-rumo-cartazes\/","title":{"rendered":"Li\u00e7\u00f5es Evangelisticas &#8211; Mudan\u00e7a De Rumo &#8211; Cartazes"},"content":{"rendered":"<p>Com essas lindas hist\u00f3rias as crian\u00e7as compreender\u00e3o que Jesus \u00e9 o \u00fanico que pode TRANSFORMAR a vida delas.<\/p>\n<p>5 Li\u00e7\u00f5es B\u00edblicas Evangel\u00edsticas para crian\u00e7as de 5 a 12 anos, com sugest\u00e3o de aplica\u00e7\u00e3o para crian\u00e7as em idade Pr\u00e9 Escolar:<br \/>\n1) O Encontro de Jesus com Zaqueu (Ensino Principal &#8211; O Senhor Jesus Cristo veio para salvar pecadores)<br \/>\n2) Mefibosete e a Bondade Imerecida (Ensino Principal &#8211; Deus mostra Sua bondade abrindo um caminho para voc\u00ea se tornar Seu filho)<br \/>\n3) O Povo nos Dias de No\u00e9 (S\u00f3 o Senhor Jesus Cristo pode salvar voc\u00ea do pecado)<br \/>\n4) O Tesoureiro Et\u00edope (Voc\u00ea pode crer no Senhor Jesus Cristo hoje)<br \/>\n5) A Mudan\u00e7a de Rumo de Saulo (Creia que Jessus morreu e ressuscitou para salvar voc\u00ea do pecado)<\/p>\n<p>Inclui: Figuras em Cartazes (6 para cada li\u00e7\u00e3o) com os vers\u00edculos visualizados &#8211; Figuras de aplica\u00e7\u00e3o para pr\u00e9-escolares &#8211; Livro Roteiro &#8211; Tabela de Planejamento -Resumo de cada li\u00e7\u00e3o e Esbo\u00e7o &#8211; Ideia de programa de aula para 60 minutos &#8211; Como fazer a memoriza\u00e7\u00e3o de cada vers\u00edculo &#8211; Brincadeiras e perguntas para revis\u00e3o &#8211; Atividade de aprendizagem &#8211; Cart\u00f5es para ensinar os vers\u00edculos (itens reproduz\u00edveis) &#8211; Lembretes dos vers\u00edculos (itens reproduz\u00edveis)<\/p>\n","protected":false},"excerpt":{"rendered":"<p>Com essas lindas hist\u00f3rias as crian\u00e7as compreender\u00e3o que Jesus \u00e9 o \u00fanico que pode TRANSFORMAR a vida delas. 5 Li\u00e7\u00f5es&hellip;<\/p>\n","protected":false},"featured_media":0,"comment_status":"open","ping_status":"closed","template":"","meta":[],"product_cat":[132,133],"product_tag":[],"_links":{"self":[{"href":"https:\/\/www.livrariarema.com.br\/loja\/wp-json\/wp\/v2\/product\/171304"}],"collection":[{"href":"https:\/\/www.livrariarema.com.br\/loja\/wp-json\/wp\/v2\/product"}],"about":[{"href":"https:\/\/www.livrariarema.com.br\/loja\/wp-json\/wp\/v2\/types\/product"}],"replies":[{"embeddable":true,"href":"https:\/\/www.livrariarema.com.br\/loja\/wp-json\/wp\/v2\/comments?post=171304"}],"wp:attachment":[{"href":"https:\/\/www.livrariarema.com.br\/loja\/wp-json\/wp\/v2\/media?parent=171304"}],"wp:term":[{"taxonomy":"product_cat","embeddable":true,"href":"https:\/\/www.livrariarema.com.br\/loja\/wp-json\/wp\/v2\/product_cat?post=171304"},{"taxonomy":"product_tag","embeddable":true,"href":"https:\/\/www.livrariarema.com.br\/loja\/wp-json\/wp\/v2\/product_tag?post=171304"}],"curies":[{"name":"wp","href":"https:\/\/api.w.org\/{rel}","templated":true}]}}