{"id":171343,"date":"2022-07-19T17:23:30","date_gmt":"2022-07-19T20:23:30","guid":{"rendered":"https:\/\/www.livrariarema.com.br\/loja\/produtos\/sem%20categoria\/licoes-missionarias-a-mensagem-da-estrela-natal\/"},"modified":"2023-10-16T12:26:41","modified_gmt":"2023-10-16T15:26:41","slug":"licoes-missionarias-a-mensagem-da-estrela-natal","status":"publish","type":"product","link":"https:\/\/www.livrariarema.com.br\/loja\/produtos\/diversos\/flanelografo-e-cartazes\/licoes-missionarias-a-mensagem-da-estrela-natal\/","title":{"rendered":"Li\u00e7\u00f5es Mission\u00e1rias &#8211; A Mensagem Da Estrela &#8211; Natal"},"content":{"rendered":"<p>Uma vez, h\u00e1 muito tempo, Deus fez uma estrela especial aparecer no c\u00e9u, para que alguns homens pudessem conhecer o amor de Deus. Esse amor foi revelado ao mundo com o nascimento de um beb\u00ea, que era o pr\u00f3prio Filho de Deus, que veio para ser o nosso Salvador, mas que um dia reinar\u00e1 eternamente como Rei dos reis. Hoje, Deus se revela pela Palavra \u00e0queles que buscam conhec\u00ea-lO e conhecer Seu amor.<br \/>\n&#8220;Voc\u00eas me buscar\u00e3o e me achar\u00e3o quando me buscarem de todo o cora\u00e7\u00e3o&#8221; (Jeremias 29.13).<\/p>\n","protected":false},"excerpt":{"rendered":"<p>Uma vez, h\u00e1 muito tempo, Deus fez uma estrela especial aparecer no c\u00e9u, para que alguns homens pudessem conhecer o&hellip;<\/p>\n","protected":false},"featured_media":0,"comment_status":"open","ping_status":"closed","template":"","meta":[],"product_cat":[132,133],"product_tag":[],"_links":{"self":[{"href":"https:\/\/www.livrariarema.com.br\/loja\/wp-json\/wp\/v2\/product\/171343"}],"collection":[{"href":"https:\/\/www.livrariarema.com.br\/loja\/wp-json\/wp\/v2\/product"}],"about":[{"href":"https:\/\/www.livrariarema.com.br\/loja\/wp-json\/wp\/v2\/types\/product"}],"replies":[{"embeddable":true,"href":"https:\/\/www.livrariarema.com.br\/loja\/wp-json\/wp\/v2\/comments?post=171343"}],"wp:attachment":[{"href":"https:\/\/www.livrariarema.com.br\/loja\/wp-json\/wp\/v2\/media?parent=171343"}],"wp:term":[{"taxonomy":"product_cat","embeddable":true,"href":"https:\/\/www.livrariarema.com.br\/loja\/wp-json\/wp\/v2\/product_cat?post=171343"},{"taxonomy":"product_tag","embeddable":true,"href":"https:\/\/www.livrariarema.com.br\/loja\/wp-json\/wp\/v2\/product_tag?post=171343"}],"curies":[{"name":"wp","href":"https:\/\/api.w.org\/{rel}","templated":true}]}}