{"id":175292,"date":"2022-08-10T14:40:36","date_gmt":"2022-08-10T17:40:36","guid":{"rendered":"https:\/\/www.livrariarema.com.br\/loja\/produtos\/sem categoria\/biblia-nvt-slim-luxo-preta\/"},"modified":"2025-12-24T10:21:22","modified_gmt":"2025-12-24T13:21:22","slug":"biblia-nvt-slim-luxo-preta","status":"publish","type":"product","link":"https:\/\/www.livrariarema.com.br\/loja\/produtos\/biblias\/nvt\/biblia-nvt-slim-luxo-preta\/","title":{"rendered":"B\u00edblia &#8211; Nvt &#8211; Slim &#8211; Luxo &#8211; Preta"},"content":{"rendered":"<p>A B\u00edblia NVT torna a leitura ainda mais atraente, com uma linguagem que permite entendermos melhor ainda os ensinamentos da Palavra de Deus, a B\u00edblia Nova Vers\u00e3o Transformadora (NVT) traz uma nova abordagem dos vers\u00edculos.<br \/>\n<br \/><Br><br \/>\nTraduzida por um grupo de profissionais especializados na linguagem dos textos b\u00edblicos originais, que foram escritos em hebraico, aramaico e grego, a B\u00edblia NVT traz uma linguagem de f\u00e1cil compreens\u00e3o, numa abordagem contempor\u00e2nea da l\u00edngua portuguesa.<\/p>\n","protected":false},"excerpt":{"rendered":"<p>A B\u00edblia NVT torna a leitura ainda mais atraente, com uma linguagem que permite entendermos melhor ainda os ensinamentos da&hellip;<\/p>\n","protected":false},"featured_media":340759,"comment_status":"open","ping_status":"closed","template":"","meta":[],"product_cat":[139,225],"product_tag":[],"_links":{"self":[{"href":"https:\/\/www.livrariarema.com.br\/loja\/wp-json\/wp\/v2\/product\/175292"}],"collection":[{"href":"https:\/\/www.livrariarema.com.br\/loja\/wp-json\/wp\/v2\/product"}],"about":[{"href":"https:\/\/www.livrariarema.com.br\/loja\/wp-json\/wp\/v2\/types\/product"}],"replies":[{"embeddable":true,"href":"https:\/\/www.livrariarema.com.br\/loja\/wp-json\/wp\/v2\/comments?post=175292"}],"wp:featuredmedia":[{"embeddable":true,"href":"https:\/\/www.livrariarema.com.br\/loja\/wp-json\/wp\/v2\/media\/340759"}],"wp:attachment":[{"href":"https:\/\/www.livrariarema.com.br\/loja\/wp-json\/wp\/v2\/media?parent=175292"}],"wp:term":[{"taxonomy":"product_cat","embeddable":true,"href":"https:\/\/www.livrariarema.com.br\/loja\/wp-json\/wp\/v2\/product_cat?post=175292"},{"taxonomy":"product_tag","embeddable":true,"href":"https:\/\/www.livrariarema.com.br\/loja\/wp-json\/wp\/v2\/product_tag?post=175292"}],"curies":[{"name":"wp","href":"https:\/\/api.w.org\/{rel}","templated":true}]}}