{"id":180016,"date":"2022-09-02T08:09:48","date_gmt":"2022-09-02T11:09:48","guid":{"rendered":"https:\/\/www.livrariarema.com.br\/loja\/produtos\/sem categoria\/apontador-brw-2-furos-com-borracha\/"},"modified":"2026-02-27T13:00:21","modified_gmt":"2026-02-27T16:00:21","slug":"apontador-brw-2-furos-com-borracha","status":"publish","type":"product","link":"https:\/\/www.livrariarema.com.br\/loja\/produtos\/papelaria\/apontador\/apontador-brw-2-furos-com-borracha\/","title":{"rendered":"Apontador &#8211; Brw &#8211; 2 Furos &#8211; Com Borracha"},"content":{"rendered":"<p>Borracha com Apontador da BRW que \u00e9 um item essencial no seu material escolar apontador com dois furos, para l\u00e1pis normal e outro para l\u00e1pis jumbo perfeito.<\/p>\n<p>Vendido separadamente<\/p>\n<p>Registro Inmetro 005799\/2021<\/p>\n","protected":false},"excerpt":{"rendered":"<p>Borracha com Apontador da BRW que \u00e9 um item essencial no seu material escolar apontador com dois furos, para l\u00e1pis&hellip;<\/p>\n","protected":false},"featured_media":317726,"comment_status":"open","ping_status":"closed","template":"","meta":[],"product_cat":[283,215],"product_tag":[],"_links":{"self":[{"href":"https:\/\/www.livrariarema.com.br\/loja\/wp-json\/wp\/v2\/product\/180016"}],"collection":[{"href":"https:\/\/www.livrariarema.com.br\/loja\/wp-json\/wp\/v2\/product"}],"about":[{"href":"https:\/\/www.livrariarema.com.br\/loja\/wp-json\/wp\/v2\/types\/product"}],"replies":[{"embeddable":true,"href":"https:\/\/www.livrariarema.com.br\/loja\/wp-json\/wp\/v2\/comments?post=180016"}],"wp:featuredmedia":[{"embeddable":true,"href":"https:\/\/www.livrariarema.com.br\/loja\/wp-json\/wp\/v2\/media\/317726"}],"wp:attachment":[{"href":"https:\/\/www.livrariarema.com.br\/loja\/wp-json\/wp\/v2\/media?parent=180016"}],"wp:term":[{"taxonomy":"product_cat","embeddable":true,"href":"https:\/\/www.livrariarema.com.br\/loja\/wp-json\/wp\/v2\/product_cat?post=180016"},{"taxonomy":"product_tag","embeddable":true,"href":"https:\/\/www.livrariarema.com.br\/loja\/wp-json\/wp\/v2\/product_tag?post=180016"}],"curies":[{"name":"wp","href":"https:\/\/api.w.org\/{rel}","templated":true}]}}