{"id":183211,"date":"2022-09-19T15:20:49","date_gmt":"2022-09-19T18:20:49","guid":{"rendered":"https:\/\/www.livrariarema.com.br\/loja\/produtos\/sem categoria\/menino-que-descobriu-o-vento-o-william-kamkwamba\/"},"modified":"2023-10-16T13:48:20","modified_gmt":"2023-10-16T16:48:20","slug":"menino-que-descobriu-o-vento-o-william-kamkwamba","status":"publish","type":"product","link":"https:\/\/www.livrariarema.com.br\/loja\/produtos\/livros\/ficcao\/menino-que-descobriu-o-vento-o-william-kamkwamba\/","title":{"rendered":"Menino Que Descobriu O Vento, O &#8211; William Kamkwamba"},"content":{"rendered":"<p>Quando uma terr\u00edvel seca atingiu o pequeno vilarejo onde William Kamkwamba vivia, noMalaui, sua fam\u00edlia perdeu todas as safras da esta\u00e7\u00e3o, ficando sem ter o que comer ou vender, impossibilitando tamb\u00e9m a continuidade dos estudos de William. Assim, o garoto come\u00e7ou a explorar os livros de ci\u00eancias na biblioteca de sua aldeia e foi l\u00e1 que teve uma ideia que mudaria a vida de sua fam\u00edlia para sempre: construir um moinho de vento.Constru\u00edda com ferro-velho e pe\u00e7as usadas de bicicleta, a incr\u00edvel cria\u00e7\u00e3o de William levou eletricidade para casa, o que ajudou a fam\u00edlia a bombear a \u00e1gua de que precisavam para cultivar a terra.<\/p>\n","protected":false},"excerpt":{"rendered":"<p>Quando uma terr\u00edvel seca atingiu o pequeno vilarejo onde William Kamkwamba vivia, noMalaui, sua fam\u00edlia perdeu todas as safras da&hellip;<\/p>\n","protected":false},"featured_media":259773,"comment_status":"open","ping_status":"closed","template":"","meta":[],"product_cat":[162,134],"product_tag":[],"_links":{"self":[{"href":"https:\/\/www.livrariarema.com.br\/loja\/wp-json\/wp\/v2\/product\/183211"}],"collection":[{"href":"https:\/\/www.livrariarema.com.br\/loja\/wp-json\/wp\/v2\/product"}],"about":[{"href":"https:\/\/www.livrariarema.com.br\/loja\/wp-json\/wp\/v2\/types\/product"}],"replies":[{"embeddable":true,"href":"https:\/\/www.livrariarema.com.br\/loja\/wp-json\/wp\/v2\/comments?post=183211"}],"wp:featuredmedia":[{"embeddable":true,"href":"https:\/\/www.livrariarema.com.br\/loja\/wp-json\/wp\/v2\/media\/259773"}],"wp:attachment":[{"href":"https:\/\/www.livrariarema.com.br\/loja\/wp-json\/wp\/v2\/media?parent=183211"}],"wp:term":[{"taxonomy":"product_cat","embeddable":true,"href":"https:\/\/www.livrariarema.com.br\/loja\/wp-json\/wp\/v2\/product_cat?post=183211"},{"taxonomy":"product_tag","embeddable":true,"href":"https:\/\/www.livrariarema.com.br\/loja\/wp-json\/wp\/v2\/product_tag?post=183211"}],"curies":[{"name":"wp","href":"https:\/\/api.w.org\/{rel}","templated":true}]}}