{"id":183229,"date":"2022-09-19T15:21:55","date_gmt":"2022-09-19T18:21:55","guid":{"rendered":"https:\/\/www.livrariarema.com.br\/loja\/produtos\/sem categoria\/livro-de-banho-meu-primeiro-livro-biblico-jesus\/"},"modified":"2026-04-01T11:12:39","modified_gmt":"2026-04-01T14:12:39","slug":"livro-de-banho-meu-primeiro-livro-biblico-jesus","status":"publish","type":"product","link":"https:\/\/www.livrariarema.com.br\/loja\/produtos\/livros\/infantil\/livro-de-banho-meu-primeiro-livro-biblico-jesus\/","title":{"rendered":"Livro De Banho &#8211; Meu Primeiro Livro B\u00edblico &#8211; Jesus"},"content":{"rendered":"<p>Um livro sobre hist\u00f3rias da B\u00edblia para ser lido e compartilhado com seu filho na hora do banho.<\/p>\n","protected":false},"excerpt":{"rendered":"<p>Um livro sobre hist\u00f3rias da B\u00edblia para ser lido e compartilhado com seu filho na hora do banho.<\/p>\n","protected":false},"featured_media":346693,"comment_status":"open","ping_status":"closed","template":"","meta":[],"product_cat":[144,134],"product_tag":[],"_links":{"self":[{"href":"https:\/\/www.livrariarema.com.br\/loja\/wp-json\/wp\/v2\/product\/183229"}],"collection":[{"href":"https:\/\/www.livrariarema.com.br\/loja\/wp-json\/wp\/v2\/product"}],"about":[{"href":"https:\/\/www.livrariarema.com.br\/loja\/wp-json\/wp\/v2\/types\/product"}],"replies":[{"embeddable":true,"href":"https:\/\/www.livrariarema.com.br\/loja\/wp-json\/wp\/v2\/comments?post=183229"}],"wp:featuredmedia":[{"embeddable":true,"href":"https:\/\/www.livrariarema.com.br\/loja\/wp-json\/wp\/v2\/media\/346693"}],"wp:attachment":[{"href":"https:\/\/www.livrariarema.com.br\/loja\/wp-json\/wp\/v2\/media?parent=183229"}],"wp:term":[{"taxonomy":"product_cat","embeddable":true,"href":"https:\/\/www.livrariarema.com.br\/loja\/wp-json\/wp\/v2\/product_cat?post=183229"},{"taxonomy":"product_tag","embeddable":true,"href":"https:\/\/www.livrariarema.com.br\/loja\/wp-json\/wp\/v2\/product_tag?post=183229"}],"curies":[{"name":"wp","href":"https:\/\/api.w.org\/{rel}","templated":true}]}}