{"id":183796,"date":"2022-09-22T14:45:57","date_gmt":"2022-09-22T17:45:57","guid":{"rendered":"https:\/\/www.livrariarema.com.br\/loja\/produtos\/sem categoria\/meu-livrinho-de-historias-da-biblia\/"},"modified":"2026-01-07T11:00:44","modified_gmt":"2026-01-07T14:00:44","slug":"meu-livrinho-de-historias-da-biblia","status":"publish","type":"product","link":"https:\/\/www.livrariarema.com.br\/loja\/produtos\/livros\/infantil-biblia\/meu-livrinho-de-historias-da-biblia\/","title":{"rendered":"Meu Livrinho De Hist\u00f3rias Da B\u00edblia"},"content":{"rendered":"<p>Com texto primoroso e lindas ilustra\u00e7\u00f5es, este livro de hist\u00f3rias b\u00edblicas ser\u00e1 um grande aliado na educa\u00e7\u00e3o crist\u00e3 dos pequenos.<br \/>\nUm incentivo para uma verdadeira amizade com Deus por meio da boa pr\u00e1tica di\u00e1ria.<\/p>\n","protected":false},"excerpt":{"rendered":"<p>Com texto primoroso e lindas ilustra\u00e7\u00f5es, este livro de hist\u00f3rias b\u00edblicas ser\u00e1 um grande aliado na educa\u00e7\u00e3o crist\u00e3 dos pequenos.&hellip;<\/p>\n","protected":false},"featured_media":312158,"comment_status":"open","ping_status":"closed","template":"","meta":[],"product_cat":[165,134],"product_tag":[],"_links":{"self":[{"href":"https:\/\/www.livrariarema.com.br\/loja\/wp-json\/wp\/v2\/product\/183796"}],"collection":[{"href":"https:\/\/www.livrariarema.com.br\/loja\/wp-json\/wp\/v2\/product"}],"about":[{"href":"https:\/\/www.livrariarema.com.br\/loja\/wp-json\/wp\/v2\/types\/product"}],"replies":[{"embeddable":true,"href":"https:\/\/www.livrariarema.com.br\/loja\/wp-json\/wp\/v2\/comments?post=183796"}],"wp:featuredmedia":[{"embeddable":true,"href":"https:\/\/www.livrariarema.com.br\/loja\/wp-json\/wp\/v2\/media\/312158"}],"wp:attachment":[{"href":"https:\/\/www.livrariarema.com.br\/loja\/wp-json\/wp\/v2\/media?parent=183796"}],"wp:term":[{"taxonomy":"product_cat","embeddable":true,"href":"https:\/\/www.livrariarema.com.br\/loja\/wp-json\/wp\/v2\/product_cat?post=183796"},{"taxonomy":"product_tag","embeddable":true,"href":"https:\/\/www.livrariarema.com.br\/loja\/wp-json\/wp\/v2\/product_tag?post=183796"}],"curies":[{"name":"wp","href":"https:\/\/api.w.org\/{rel}","templated":true}]}}