{"id":185476,"date":"2022-09-27T11:21:41","date_gmt":"2022-09-27T14:21:41","guid":{"rendered":"https:\/\/www.livrariarema.com.br\/loja\/produtos\/sem categoria\/maravilhoso-descobrindo-jesus-nos-salmos-marty-machowski\/"},"modified":"2026-02-26T13:00:45","modified_gmt":"2026-02-26T16:00:45","slug":"maravilhoso-descobrindo-jesus-nos-salmos-marty-machowski","status":"publish","type":"product","link":"https:\/\/www.livrariarema.com.br\/loja\/produtos\/livros\/juvenil\/maravilhoso-descobrindo-jesus-nos-salmos-marty-machowski\/","title":{"rendered":"Maravilhoso &#8211; Descobrindo Jesus Nos Salmos &#8211; Marty Machowski"},"content":{"rendered":"<p>Nas p\u00e1ginas de Maravilhoso &#8211; Descobrindo Jesus nos Salmos, nos unimos a Oliver e seu av\u00f4 sentados sobre um tronco ca\u00eddo, ao p\u00e9 de um antigo carvalho, onde eles passam dias se deslumbrando com o livro dos Salmos. Conforme a leitura avan\u00e7a, a curiosidade de Oliver sobre Deus se transforma em uma f\u00e9 profunda e duradoura. Juntos, v\u00e3o se encantando n\u00e3o apenas com a beleza dos Salmos, mas tamb\u00e9m descobrindo a pessoa de Jesus nesse maravilhoso livro.<\/p>\n<p>Machowski n\u00e3o apenas ajuda as crian\u00e7as a se familiarizarem com os Salmos, mas tamb\u00e9m as auxilia a aplicarem em suas pr\u00f3prias vidas o que est\u00e3o aprendendo. Essa pr\u00e1tica contribuir\u00e1 para aprofundar a caminhada delas com Cristo \u00e0 medida que envelhecem.<\/p>\n<p>Com uma leitura simples e cativante, Maravilhoso &#8211; Descobrindo Jesus nos Salmos \u00e9 um \u00f3timo recurso, que pode ser utilizado durante o culto familiar, em estudos em grupo com crian\u00e7as ou at\u00e9 para ler com apenas uma delas.<\/p>\n<p>MARTY MACHOWSKI \u00e9 pastoe e autor de livros e de estudos do evangelho para crian\u00e7as, fam\u00edlias e igrejas. Ele ama passar tempo com a esposa e os filhos. Marty \u00e9 um artista talentoso, art\u00edfice e apaixonado pela natureza, por\u00e9m seu maior amor \u00e9 o Senhor Jesus Cristo e a proclama\u00e7\u00e3o da mensagem do evangelho, que transforma vidas, \u00e0s pr\u00f3ximas gera\u00e7\u00f5es.<\/p>\n<p>ANDY MCGUIRE \u00e9 escritor, ilustrador e editor. Andy mora em Minnesota com sua esposa, Becky, e seus dois filhos, Charlie e Jane.<\/p>\n","protected":false},"excerpt":{"rendered":"<p>Nas p\u00e1ginas de Maravilhoso &#8211; Descobrindo Jesus nos Salmos, nos unimos a Oliver e seu av\u00f4 sentados sobre um tronco&hellip;<\/p>\n","protected":false},"featured_media":338743,"comment_status":"open","ping_status":"closed","template":"","meta":[],"product_cat":[184,134],"product_tag":[],"_links":{"self":[{"href":"https:\/\/www.livrariarema.com.br\/loja\/wp-json\/wp\/v2\/product\/185476"}],"collection":[{"href":"https:\/\/www.livrariarema.com.br\/loja\/wp-json\/wp\/v2\/product"}],"about":[{"href":"https:\/\/www.livrariarema.com.br\/loja\/wp-json\/wp\/v2\/types\/product"}],"replies":[{"embeddable":true,"href":"https:\/\/www.livrariarema.com.br\/loja\/wp-json\/wp\/v2\/comments?post=185476"}],"wp:featuredmedia":[{"embeddable":true,"href":"https:\/\/www.livrariarema.com.br\/loja\/wp-json\/wp\/v2\/media\/338743"}],"wp:attachment":[{"href":"https:\/\/www.livrariarema.com.br\/loja\/wp-json\/wp\/v2\/media?parent=185476"}],"wp:term":[{"taxonomy":"product_cat","embeddable":true,"href":"https:\/\/www.livrariarema.com.br\/loja\/wp-json\/wp\/v2\/product_cat?post=185476"},{"taxonomy":"product_tag","embeddable":true,"href":"https:\/\/www.livrariarema.com.br\/loja\/wp-json\/wp\/v2\/product_tag?post=185476"}],"curies":[{"name":"wp","href":"https:\/\/api.w.org\/{rel}","templated":true}]}}