{"id":185576,"date":"2022-09-27T12:11:12","date_gmt":"2022-09-27T15:11:12","guid":{"rendered":"https:\/\/www.livrariarema.com.br\/loja\/produtos\/sem categoria\/lideranca-52-principios-para-viver-aprender-e-liderar-steve-wingfield\/"},"modified":"2025-08-12T09:03:50","modified_gmt":"2025-08-12T12:03:50","slug":"lideranca-52-principios-para-viver-aprender-e-liderar-steve-wingfield","status":"publish","type":"product","link":"https:\/\/www.livrariarema.com.br\/loja\/produtos\/livros\/devocional\/lideranca-52-principios-para-viver-aprender-e-liderar-steve-wingfield\/","title":{"rendered":"Lideran\u00e7a &#8211; 52 Princ\u00edpios Para Viver, Aprender E Liderar &#8211; Steve Wingfield"},"content":{"rendered":"<p>Lideran\u00e7a &#8211; 52 Princ\u00edpios para Viver e Liderar, este livro apresenta uma colet\u00e2nea de devocionais embasados no programa Lodestar Guidance e divididos em 52 semanas.  <\/p>\n<p>Cada semana apresenta um princ\u00edpio Lodestar, abordado a partir da tem\u00e1tica, vers\u00edculo b\u00edblico, coment\u00e1rio e ora\u00e7\u00e3o presentes em cada reflex\u00e3o di\u00e1ria.  <\/p>\n<p>Este livro visa a ajudar o leitor a enfrentar os desafios di\u00e1rios de viver para Cristo em uma era corrupta e a desenvolver um car\u00e1ter que honra o Mestre. <\/p>\n","protected":false},"excerpt":{"rendered":"<p>Lideran\u00e7a &#8211; 52 Princ\u00edpios para Viver e Liderar, este livro apresenta uma colet\u00e2nea de devocionais embasados no programa Lodestar Guidance&hellip;<\/p>\n","protected":false},"featured_media":335267,"comment_status":"open","ping_status":"closed","template":"","meta":[],"product_cat":[158,134],"product_tag":[],"_links":{"self":[{"href":"https:\/\/www.livrariarema.com.br\/loja\/wp-json\/wp\/v2\/product\/185576"}],"collection":[{"href":"https:\/\/www.livrariarema.com.br\/loja\/wp-json\/wp\/v2\/product"}],"about":[{"href":"https:\/\/www.livrariarema.com.br\/loja\/wp-json\/wp\/v2\/types\/product"}],"replies":[{"embeddable":true,"href":"https:\/\/www.livrariarema.com.br\/loja\/wp-json\/wp\/v2\/comments?post=185576"}],"wp:featuredmedia":[{"embeddable":true,"href":"https:\/\/www.livrariarema.com.br\/loja\/wp-json\/wp\/v2\/media\/335267"}],"wp:attachment":[{"href":"https:\/\/www.livrariarema.com.br\/loja\/wp-json\/wp\/v2\/media?parent=185576"}],"wp:term":[{"taxonomy":"product_cat","embeddable":true,"href":"https:\/\/www.livrariarema.com.br\/loja\/wp-json\/wp\/v2\/product_cat?post=185576"},{"taxonomy":"product_tag","embeddable":true,"href":"https:\/\/www.livrariarema.com.br\/loja\/wp-json\/wp\/v2\/product_tag?post=185576"}],"curies":[{"name":"wp","href":"https:\/\/api.w.org\/{rel}","templated":true}]}}