{"id":185972,"date":"2022-09-29T15:11:02","date_gmt":"2022-09-29T18:11:02","guid":{"rendered":"https:\/\/www.livrariarema.com.br\/loja\/produtos\/sem categoria\/caderno-de-cartografia-e-desenho-80-folhas-cadersil\/"},"modified":"2024-09-27T15:47:01","modified_gmt":"2024-09-27T18:47:01","slug":"caderno-de-cartografia-e-desenho-80-folhas-cadersil","status":"publish","type":"product","link":"https:\/\/www.livrariarema.com.br\/loja\/produtos\/papelaria\/caderno\/caderno-de-cartografia-e-desenho-80-folhas-cadersil\/","title":{"rendered":"Caderno De Cartografia E Desenho &#8211; 80 Folhas &#8211; Cadersil"},"content":{"rendered":"<p>Diferenciais:<br \/>\nFolhas encorpadas.<br \/>\nPapel Offset 63g\/m2<\/p>\n<p>\nInforma\u00e7\u00f5es T\u00e9cnicas:<br \/>\nCaderno de Cartografia e Desenho Capa Dura &#8211; 80 folhas<\/p>\n<p>Vendido individualmente<br \/>\nVerificar disponibilidade de capas<\/p>\n","protected":false},"excerpt":{"rendered":"<p>Diferenciais: Folhas encorpadas. Papel Offset 63g\/m2 Informa\u00e7\u00f5es T\u00e9cnicas: Caderno de Cartografia e Desenho Capa Dura &#8211; 80 folhas Vendido individualmente&hellip;<\/p>\n","protected":false},"featured_media":246923,"comment_status":"open","ping_status":"closed","template":"","meta":[],"product_cat":[230,215],"product_tag":[],"_links":{"self":[{"href":"https:\/\/www.livrariarema.com.br\/loja\/wp-json\/wp\/v2\/product\/185972"}],"collection":[{"href":"https:\/\/www.livrariarema.com.br\/loja\/wp-json\/wp\/v2\/product"}],"about":[{"href":"https:\/\/www.livrariarema.com.br\/loja\/wp-json\/wp\/v2\/types\/product"}],"replies":[{"embeddable":true,"href":"https:\/\/www.livrariarema.com.br\/loja\/wp-json\/wp\/v2\/comments?post=185972"}],"wp:featuredmedia":[{"embeddable":true,"href":"https:\/\/www.livrariarema.com.br\/loja\/wp-json\/wp\/v2\/media\/246923"}],"wp:attachment":[{"href":"https:\/\/www.livrariarema.com.br\/loja\/wp-json\/wp\/v2\/media?parent=185972"}],"wp:term":[{"taxonomy":"product_cat","embeddable":true,"href":"https:\/\/www.livrariarema.com.br\/loja\/wp-json\/wp\/v2\/product_cat?post=185972"},{"taxonomy":"product_tag","embeddable":true,"href":"https:\/\/www.livrariarema.com.br\/loja\/wp-json\/wp\/v2\/product_tag?post=185972"}],"curies":[{"name":"wp","href":"https:\/\/api.w.org\/{rel}","templated":true}]}}