{"id":190155,"date":"2022-10-17T11:30:35","date_gmt":"2022-10-17T14:30:35","guid":{"rendered":"https:\/\/www.livrariarema.com.br\/loja\/produtos\/sem categoria\/uma-igreja-como-a-nossa-roland-korber\/"},"modified":"2023-02-10T12:11:01","modified_gmt":"2023-02-10T15:11:01","slug":"uma-igreja-como-a-nossa-roland-korber","status":"publish","type":"product","link":"https:\/\/www.livrariarema.com.br\/loja\/produtos\/livros\/igreja\/uma-igreja-como-a-nossa-roland-korber\/","title":{"rendered":"Uma Igreja Como A Nossa &#8211; Roland Korber"},"content":{"rendered":"<p>A Igreja \u00e9 como uma rede &#8211; ela \u00e9 feita de n\u00f3s! O que caracteriza uma igreja crista? Como avaliar se a nossa igreja est\u00e1 de acordo com o plano de Deus? A Primeira Carta de Paulo aos Cor\u00edntios nos oferece preciosas orienta\u00e7\u00f5es sobre o plano de Deus para a sua Igreja. Ela nos ajuda a diagnosticar problemas e a propor solu\u00e7\u00f5es para vivermos a plenitude do Corpo de Cristo.<\/p>\n<p>Este livro \u00e9 um estudo b\u00edblico baseado em 1 Cor\u00edntios e nas Cartas Gerais do Novo Testamento, escrito de maneira did\u00e1tica para que os leitores aproveitem ao m\u00e1ximo a riqueza do ensino dessas cartas. O leitor encontrar\u00e1 aqui um texto objetivo, repleto de quadros e tabelas, que prioriza a f\u00e1cil navega\u00e7\u00e3o pelo livro ao longo do estudo.<\/p>\n","protected":false},"excerpt":{"rendered":"<p>A Igreja \u00e9 como uma rede &#8211; ela \u00e9 feita de n\u00f3s! O que caracteriza uma igreja crista? Como avaliar&hellip;<\/p>\n","protected":false},"featured_media":216744,"comment_status":"open","ping_status":"closed","template":"","meta":[],"product_cat":[197,134],"product_tag":[],"_links":{"self":[{"href":"https:\/\/www.livrariarema.com.br\/loja\/wp-json\/wp\/v2\/product\/190155"}],"collection":[{"href":"https:\/\/www.livrariarema.com.br\/loja\/wp-json\/wp\/v2\/product"}],"about":[{"href":"https:\/\/www.livrariarema.com.br\/loja\/wp-json\/wp\/v2\/types\/product"}],"replies":[{"embeddable":true,"href":"https:\/\/www.livrariarema.com.br\/loja\/wp-json\/wp\/v2\/comments?post=190155"}],"wp:featuredmedia":[{"embeddable":true,"href":"https:\/\/www.livrariarema.com.br\/loja\/wp-json\/wp\/v2\/media\/216744"}],"wp:attachment":[{"href":"https:\/\/www.livrariarema.com.br\/loja\/wp-json\/wp\/v2\/media?parent=190155"}],"wp:term":[{"taxonomy":"product_cat","embeddable":true,"href":"https:\/\/www.livrariarema.com.br\/loja\/wp-json\/wp\/v2\/product_cat?post=190155"},{"taxonomy":"product_tag","embeddable":true,"href":"https:\/\/www.livrariarema.com.br\/loja\/wp-json\/wp\/v2\/product_tag?post=190155"}],"curies":[{"name":"wp","href":"https:\/\/api.w.org\/{rel}","templated":true}]}}