{"id":191215,"date":"2022-10-20T17:44:29","date_gmt":"2022-10-20T20:44:29","guid":{"rendered":"https:\/\/www.livrariarema.com.br\/loja\/produtos\/sem%20categoria\/biblia-rc-letra-gigante-indice-com-mapa-capa-luxo-preta\/"},"modified":"2026-03-10T10:51:13","modified_gmt":"2026-03-10T13:51:13","slug":"biblia-rc-letra-gigante-indice-com-mapa-capa-luxo-preta","status":"publish","type":"product","link":"https:\/\/www.livrariarema.com.br\/loja\/produtos\/biblias\/revista-corrigida-biblias\/biblia-rc-letra-gigante-indice-com-mapa-capa-luxo-preta\/","title":{"rendered":"B\u00edblia &#8211; Rc &#8211; Letra Grande &#8211; Luxo &#8211; Preta"},"content":{"rendered":"<p>A vers\u00e3o Jo\u00e3o Ferreira de Almeida Revista e Corrigida \u00e9 uma das mais fi\u00e9is das Escrituras originais que se tem acesso no Brasil. Com uma linguagem rica \u00e9 tamb\u00e9m uma das mais usadas e conhecidas no pa\u00eds, servindo de base para diversas outras que est\u00e3o no mercado. Com uma linguagem \u00fanica, elegante e profunda, esta tradu\u00e7\u00e3o tem a miss\u00e3o de trazer a Palavra de Deus para aqueles que t\u00eam sede de compreend\u00ea-la.<\/p>\n<p>O texto da RC, como \u00e9 conhecida, marca a convers\u00e3o e os primeiros passos nas Escrituras de muitas pessoas, j\u00e1 que \u00e9 largamente utilizada por grandes denomina\u00e7\u00f5es. Outro aspecto interessante, \u00e9 que normalmente os textos citados de cor por grandes l\u00edderes pertencem \u00e0 esta tradu\u00e7\u00e3o. Por isso, muitos leitores possuem fidelidade afetiva com esta vers\u00e3o da Palavra de Deus.<\/p>\n","protected":false},"excerpt":{"rendered":"<p>A vers\u00e3o Jo\u00e3o Ferreira de Almeida Revista e Corrigida \u00e9 uma das mais fi\u00e9is das Escrituras originais que se tem&hellip;<\/p>\n","protected":false},"featured_media":325881,"comment_status":"open","ping_status":"closed","template":"","meta":[],"product_cat":[139,149],"product_tag":[],"_links":{"self":[{"href":"https:\/\/www.livrariarema.com.br\/loja\/wp-json\/wp\/v2\/product\/191215"}],"collection":[{"href":"https:\/\/www.livrariarema.com.br\/loja\/wp-json\/wp\/v2\/product"}],"about":[{"href":"https:\/\/www.livrariarema.com.br\/loja\/wp-json\/wp\/v2\/types\/product"}],"replies":[{"embeddable":true,"href":"https:\/\/www.livrariarema.com.br\/loja\/wp-json\/wp\/v2\/comments?post=191215"}],"wp:featuredmedia":[{"embeddable":true,"href":"https:\/\/www.livrariarema.com.br\/loja\/wp-json\/wp\/v2\/media\/325881"}],"wp:attachment":[{"href":"https:\/\/www.livrariarema.com.br\/loja\/wp-json\/wp\/v2\/media?parent=191215"}],"wp:term":[{"taxonomy":"product_cat","embeddable":true,"href":"https:\/\/www.livrariarema.com.br\/loja\/wp-json\/wp\/v2\/product_cat?post=191215"},{"taxonomy":"product_tag","embeddable":true,"href":"https:\/\/www.livrariarema.com.br\/loja\/wp-json\/wp\/v2\/product_tag?post=191215"}],"curies":[{"name":"wp","href":"https:\/\/api.w.org\/{rel}","templated":true}]}}