{"id":191346,"date":"2022-10-21T10:19:32","date_gmt":"2022-10-21T13:19:32","guid":{"rendered":"https:\/\/www.livrariarema.com.br\/loja\/produtos\/sem categoria\/vida-de-rute-a-suzane-s-j-moreira\/"},"modified":"2026-04-16T17:33:04","modified_gmt":"2026-04-16T20:33:04","slug":"vida-de-rute-a-suzane-s-j-moreira","status":"publish","type":"product","link":"https:\/\/www.livrariarema.com.br\/loja\/produtos\/livros\/vida-crista\/vida-de-rute-a-suzane-s-j-moreira\/","title":{"rendered":"Vida De Rute, A &#8211; Suzane S. J. Moreira"},"content":{"rendered":"<p>Esse \u00e9 um livro sobre perdas e recome\u00e7os; amizade, honra e lealdade! Sobre pessoas que v\u00e3o embora das nossas vidas e, claro, daquelas que decidem ficar. A leitura desta obra nos conduz a enxergar as coisas, as pessoas e o mundo ao redor sob as lentes do c\u00e9u. D\u00ea uma olhada mais de perto no que essas mulheres podem ministrar ao nosso cora\u00e7\u00e3o: Rute, a jovem sonhadora, e Noemi, a senhora idosa e vi\u00fava. Ambas com experi\u00eancias marcantes que v\u00e3o despertar mudan\u00e7as em seu cora\u00e7\u00e3o independentemente de qual seja a sua idade. <\/p>\n","protected":false},"excerpt":{"rendered":"<p>Esse \u00e9 um livro sobre perdas e recome\u00e7os; amizade, honra e lealdade! Sobre pessoas que v\u00e3o embora das nossas vidas&hellip;<\/p>\n","protected":false},"featured_media":302694,"comment_status":"open","ping_status":"closed","template":"","meta":[],"product_cat":[134,137],"product_tag":[],"_links":{"self":[{"href":"https:\/\/www.livrariarema.com.br\/loja\/wp-json\/wp\/v2\/product\/191346"}],"collection":[{"href":"https:\/\/www.livrariarema.com.br\/loja\/wp-json\/wp\/v2\/product"}],"about":[{"href":"https:\/\/www.livrariarema.com.br\/loja\/wp-json\/wp\/v2\/types\/product"}],"replies":[{"embeddable":true,"href":"https:\/\/www.livrariarema.com.br\/loja\/wp-json\/wp\/v2\/comments?post=191346"}],"wp:featuredmedia":[{"embeddable":true,"href":"https:\/\/www.livrariarema.com.br\/loja\/wp-json\/wp\/v2\/media\/302694"}],"wp:attachment":[{"href":"https:\/\/www.livrariarema.com.br\/loja\/wp-json\/wp\/v2\/media?parent=191346"}],"wp:term":[{"taxonomy":"product_cat","embeddable":true,"href":"https:\/\/www.livrariarema.com.br\/loja\/wp-json\/wp\/v2\/product_cat?post=191346"},{"taxonomy":"product_tag","embeddable":true,"href":"https:\/\/www.livrariarema.com.br\/loja\/wp-json\/wp\/v2\/product_tag?post=191346"}],"curies":[{"name":"wp","href":"https:\/\/api.w.org\/{rel}","templated":true}]}}