{"id":192239,"date":"2022-10-26T10:56:20","date_gmt":"2022-10-26T13:56:20","guid":{"rendered":"https:\/\/www.livrariarema.com.br\/loja\/produtos\/sem categoria\/caneta-gel-tilibra-flow-0-5mm-azul-preta-vermelha\/"},"modified":"2026-03-12T13:01:52","modified_gmt":"2026-03-12T16:01:52","slug":"caneta-gel-tilibra-flow-0-5mm-azul-preta-vermelha","status":"publish","type":"product","link":"https:\/\/www.livrariarema.com.br\/loja\/produtos\/papelaria\/canetas\/caneta-gel-tilibra-flow-0-5mm-azul-preta-vermelha\/","title":{"rendered":"Caneta Gel &#8211; Tilibra &#8211; Flow &#8211; 0.5Mm &#8211; Azul\/Preta\/Vermelha"},"content":{"rendered":"<p>A Caneta Gel 0.5mm Flow Cores Sortidas possui um tra\u00e7o macio, de suave sensa\u00e7\u00e3o, e tinta de qualidade com secagem r\u00e1pida, sendo ideal para escrita e sendo indispens\u00e1vel para seu material escolar ou escrit\u00f3rio.<br \/>\nProduto Certificado INMETRO (Artigo Escolar\/Seguran\u00e7a) &#8211; Registro 000893\/2012<\/p>\n<p>Detalhes:<br \/>\nAlta qualidade<br \/>\nCaneta: Com tampa<br \/>\nC\u00f3digo de barras individual<br \/>\nCom clip<br \/>\nCor: Sortidas<br \/>\nDesign moderno<br \/>\nGrip ergon\u00f4mico<br \/>\nMaior resist\u00eancia e durabilidade<br \/>\nModelo: Gel<br \/>\nMultiuso<br \/>\nPonta: 0.5mm<br \/>\nProduto certificado: INMETRO<br \/>\nSecagem r\u00e1pida<br \/>\nTra\u00e7o macio<\/p>\n<p>* Vendido individualmente *<\/p>\n","protected":false},"excerpt":{"rendered":"<p>A Caneta Gel 0.5mm Flow Cores Sortidas possui um tra\u00e7o macio, de suave sensa\u00e7\u00e3o, e tinta de qualidade com secagem&hellip;<\/p>\n","protected":false},"featured_media":0,"comment_status":"open","ping_status":"closed","template":"","meta":[],"product_cat":[216,215],"product_tag":[],"_links":{"self":[{"href":"https:\/\/www.livrariarema.com.br\/loja\/wp-json\/wp\/v2\/product\/192239"}],"collection":[{"href":"https:\/\/www.livrariarema.com.br\/loja\/wp-json\/wp\/v2\/product"}],"about":[{"href":"https:\/\/www.livrariarema.com.br\/loja\/wp-json\/wp\/v2\/types\/product"}],"replies":[{"embeddable":true,"href":"https:\/\/www.livrariarema.com.br\/loja\/wp-json\/wp\/v2\/comments?post=192239"}],"wp:attachment":[{"href":"https:\/\/www.livrariarema.com.br\/loja\/wp-json\/wp\/v2\/media?parent=192239"}],"wp:term":[{"taxonomy":"product_cat","embeddable":true,"href":"https:\/\/www.livrariarema.com.br\/loja\/wp-json\/wp\/v2\/product_cat?post=192239"},{"taxonomy":"product_tag","embeddable":true,"href":"https:\/\/www.livrariarema.com.br\/loja\/wp-json\/wp\/v2\/product_tag?post=192239"}],"curies":[{"name":"wp","href":"https:\/\/api.w.org\/{rel}","templated":true}]}}