{"id":192676,"date":"2022-10-26T13:02:58","date_gmt":"2022-10-26T16:02:58","guid":{"rendered":"https:\/\/www.livrariarema.com.br\/loja\/produtos\/sem categoria\/cartilha-de-atividades-formas-geometricas-academie-20-folhas\/"},"modified":"2023-03-14T11:43:36","modified_gmt":"2023-03-14T14:43:36","slug":"cartilha-de-atividades-formas-geometricas-academie-20-folhas","status":"publish","type":"product","link":"https:\/\/www.livrariarema.com.br\/loja\/produtos\/livros\/infantil\/cartilha-de-atividades-formas-geometricas-academie-20-folhas\/","title":{"rendered":"Cartilha De Atividades Formas Geom\u00e9tricas &#8211; Acad\u00e9mie &#8211; 20 Folhas"},"content":{"rendered":"<p>A Cartilha de Atividades de Formas Geom\u00e9tricas possui exerc\u00edcios para estimular a coordena\u00e7\u00e3o motora, racioc\u00ednio l\u00f3gico, habilidades cognitivas e muita criatividade. O produto conta com 20 folhas e cartela adesiva que pode ser utilizada para motivar e divertir as crian\u00e7as.<\/p>\n","protected":false},"excerpt":{"rendered":"<p>A Cartilha de Atividades de Formas Geom\u00e9tricas possui exerc\u00edcios para estimular a coordena\u00e7\u00e3o motora, racioc\u00ednio l\u00f3gico, habilidades cognitivas e muita&hellip;<\/p>\n","protected":false},"featured_media":221643,"comment_status":"open","ping_status":"closed","template":"","meta":[],"product_cat":[144,134],"product_tag":[],"_links":{"self":[{"href":"https:\/\/www.livrariarema.com.br\/loja\/wp-json\/wp\/v2\/product\/192676"}],"collection":[{"href":"https:\/\/www.livrariarema.com.br\/loja\/wp-json\/wp\/v2\/product"}],"about":[{"href":"https:\/\/www.livrariarema.com.br\/loja\/wp-json\/wp\/v2\/types\/product"}],"replies":[{"embeddable":true,"href":"https:\/\/www.livrariarema.com.br\/loja\/wp-json\/wp\/v2\/comments?post=192676"}],"wp:featuredmedia":[{"embeddable":true,"href":"https:\/\/www.livrariarema.com.br\/loja\/wp-json\/wp\/v2\/media\/221643"}],"wp:attachment":[{"href":"https:\/\/www.livrariarema.com.br\/loja\/wp-json\/wp\/v2\/media?parent=192676"}],"wp:term":[{"taxonomy":"product_cat","embeddable":true,"href":"https:\/\/www.livrariarema.com.br\/loja\/wp-json\/wp\/v2\/product_cat?post=192676"},{"taxonomy":"product_tag","embeddable":true,"href":"https:\/\/www.livrariarema.com.br\/loja\/wp-json\/wp\/v2\/product_tag?post=192676"}],"curies":[{"name":"wp","href":"https:\/\/api.w.org\/{rel}","templated":true}]}}