{"id":195016,"date":"2022-11-08T10:32:38","date_gmt":"2022-11-08T13:32:38","guid":{"rendered":"https:\/\/www.livrariarema.com.br\/loja\/produtos\/sem categoria\/grande-deus-o-charles-h-spurgeon\/"},"modified":"2026-03-13T16:59:03","modified_gmt":"2026-03-13T19:59:03","slug":"grande-deus-o-charles-h-spurgeon","status":"publish","type":"product","link":"https:\/\/www.livrariarema.com.br\/loja\/produtos\/livros\/sermoes-esbocos\/grande-deus-o-charles-h-spurgeon\/","title":{"rendered":"Grande Deus, O &#8211; Charles H. Spurgeon"},"content":{"rendered":"<p>Em O Grande Deus, um livro organizado a partir de serm\u00f5es que Spurgeon pregou no livro de Prov\u00e9rbios, a Editora Hagnos brinda o leitor com uma sele\u00e7\u00e3o de pr\u00e9dicas que exaltam a grandeza, a gl\u00f3ria e a fidelidade do Senhor. O leitor ver\u00e1 que nosso Grande Deus \u00e9&#8230;<\/p>\n<p>&#8211; Aquele que tudo v\u00ea. Nada escapa \u00e0 onisci\u00eancia divina. Estamos continuamente sob o olhar observador do Deus onisciente.<br \/>\n&#8211; Aquele em quem podemos confiar irrestritamente, e \u00e9 da\u00ed que vem a verdadeira sabedoria, um recurso divino a ser aplicado na vida presente e com consequ\u00eancias para a eternidade.<br \/>\n&#8211; O melhor amigo que algu\u00e9m pode ter na vida. S\u00e3o tr\u00eas serm\u00f5es que exaltam a amizade entre o ser humano e o Amigo bendito para sempre, que ama em todo o tempo.<br \/>\n&#8211; Nossa fortaleza. O nome do Senhor e o car\u00e1ter dele s\u00e3o uma torre forte real para o crente. Por isso, n\u00e3o temos o que temer. Estamos e estaremos sempre seguros.<br \/>\n&#8211; Aquele que se deleita em ganhar presentes, e o maior e o mais inestim\u00e1vel deles \u00e9 o cora\u00e7\u00e3o de seus servos. Seu cora\u00e7\u00e3o \u00e9 um presente aceit\u00e1vel e agrad\u00e1vel a Deus?<br \/>\n&#8211; Cheio de gl\u00f3ria. Spurgeon revela por que \u00e9 pr\u00f3prio da gl\u00f3ria de Deus encobrir o pecado e quais s\u00e3o as consequ\u00eancias disso para a nossa vida no dia a dia e para a eternidade.<\/p>\n<p>Desfrute destas linhas que um dia foram proclamadas alto e bom som para uma plateia \u00e1vida de ouvir a Palavra de Deus e ser transformada por ela e veja o Grande Deus fazer maravilhas em sua vida.<\/p>\n","protected":false},"excerpt":{"rendered":"<p>Em O Grande Deus, um livro organizado a partir de serm\u00f5es que Spurgeon pregou no livro de Prov\u00e9rbios, a Editora&hellip;<\/p>\n","protected":false},"featured_media":346139,"comment_status":"open","ping_status":"closed","template":"","meta":[],"product_cat":[134,195],"product_tag":[],"_links":{"self":[{"href":"https:\/\/www.livrariarema.com.br\/loja\/wp-json\/wp\/v2\/product\/195016"}],"collection":[{"href":"https:\/\/www.livrariarema.com.br\/loja\/wp-json\/wp\/v2\/product"}],"about":[{"href":"https:\/\/www.livrariarema.com.br\/loja\/wp-json\/wp\/v2\/types\/product"}],"replies":[{"embeddable":true,"href":"https:\/\/www.livrariarema.com.br\/loja\/wp-json\/wp\/v2\/comments?post=195016"}],"wp:featuredmedia":[{"embeddable":true,"href":"https:\/\/www.livrariarema.com.br\/loja\/wp-json\/wp\/v2\/media\/346139"}],"wp:attachment":[{"href":"https:\/\/www.livrariarema.com.br\/loja\/wp-json\/wp\/v2\/media?parent=195016"}],"wp:term":[{"taxonomy":"product_cat","embeddable":true,"href":"https:\/\/www.livrariarema.com.br\/loja\/wp-json\/wp\/v2\/product_cat?post=195016"},{"taxonomy":"product_tag","embeddable":true,"href":"https:\/\/www.livrariarema.com.br\/loja\/wp-json\/wp\/v2\/product_tag?post=195016"}],"curies":[{"name":"wp","href":"https:\/\/api.w.org\/{rel}","templated":true}]}}