{"id":195822,"date":"2022-11-11T09:03:09","date_gmt":"2022-11-11T12:03:09","guid":{"rendered":"https:\/\/www.livrariarema.com.br\/loja\/produtos\/sem%20categoria\/caneca-de-porcelana-urban-360ml-sonhar-e-realizar\/"},"modified":"2026-04-28T09:21:35","modified_gmt":"2026-04-28T12:21:35","slug":"caneca-de-porcelana-urban-360ml-sonhar-e-realizar","status":"publish","type":"product","link":"https:\/\/www.livrariarema.com.br\/loja\/produtos\/diversos\/caneca\/caneca-de-porcelana-urban-360ml-sonhar-e-realizar\/","title":{"rendered":"Caneca De Porcelana &#8211; Urban 300Ml &#8211; Sonhar E Realizar"},"content":{"rendered":"<p>A Caneca Porcelana Urban \u00e9 essencial para voc\u00ea apreciar suas bebidas favoritas nos momentos mais aconchegantes da vida. Al\u00e9m disso voc\u00ea pode us\u00e1-la como porta<br \/>\ntreco, porta l\u00e1pis ou presentear algu\u00e9m especial.<\/p>\n<p>Ela \u00e9 fabricada em porcelana de alta qualidade que garante maior durabilidade durante seu uso e possui estampas \u00fanicas para deixar o ambiente ainda mais divertido e<br \/>\nestiloso. <\/p>\n","protected":false},"excerpt":{"rendered":"<p>A Caneca Porcelana Urban \u00e9 essencial para voc\u00ea apreciar suas bebidas favoritas nos momentos mais aconchegantes da vida. Al\u00e9m disso&hellip;<\/p>\n","protected":false},"featured_media":347306,"comment_status":"open","ping_status":"closed","template":"","meta":[],"product_cat":[235,132],"product_tag":[],"_links":{"self":[{"href":"https:\/\/www.livrariarema.com.br\/loja\/wp-json\/wp\/v2\/product\/195822"}],"collection":[{"href":"https:\/\/www.livrariarema.com.br\/loja\/wp-json\/wp\/v2\/product"}],"about":[{"href":"https:\/\/www.livrariarema.com.br\/loja\/wp-json\/wp\/v2\/types\/product"}],"replies":[{"embeddable":true,"href":"https:\/\/www.livrariarema.com.br\/loja\/wp-json\/wp\/v2\/comments?post=195822"}],"wp:featuredmedia":[{"embeddable":true,"href":"https:\/\/www.livrariarema.com.br\/loja\/wp-json\/wp\/v2\/media\/347306"}],"wp:attachment":[{"href":"https:\/\/www.livrariarema.com.br\/loja\/wp-json\/wp\/v2\/media?parent=195822"}],"wp:term":[{"taxonomy":"product_cat","embeddable":true,"href":"https:\/\/www.livrariarema.com.br\/loja\/wp-json\/wp\/v2\/product_cat?post=195822"},{"taxonomy":"product_tag","embeddable":true,"href":"https:\/\/www.livrariarema.com.br\/loja\/wp-json\/wp\/v2\/product_tag?post=195822"}],"curies":[{"name":"wp","href":"https:\/\/api.w.org\/{rel}","templated":true}]}}